{"id":121,"date":"2024-03-11T14:37:46","date_gmt":"2024-03-11T13:37:46","guid":{"rendered":"https:\/\/www.fnath-montpellier.fr\/?page_id=121"},"modified":"2024-06-03T09:16:31","modified_gmt":"2024-06-03T07:16:31","slug":"historique","status":"publish","type":"page","link":"https:\/\/www.fnath-montpellier.fr\/index.php\/historique\/","title":{"rendered":"Historique"},"content":{"rendered":"\n<p class=\"has-medium-font-size\"><strong>Histoire du Syndicalisme avant la cr\u00e9ation de la FNATH<\/strong> (Sources Wikip\u00e9dia)<\/p>\n\n\n\n<p>Les regroupements de \u00ab\u00a0m\u00e9contents\u00a0\u00bb existent depuis toujours et ils se regroupent souvent pour faire reconnaitre leurs droits.<br>Au Moyen-Age, vers <strong>1447<\/strong>, <strong>les Jacqueries<\/strong> (r\u00e9volte des paysans) et Jacques Bonhomme ont cr\u00e9\u00e9 les premiers syndicats d&rsquo;artisans et de commer\u00e7ants qui se sont regroup\u00e9s pour \u00e9chapper aux lourds imp\u00f4t impos\u00e9s par le roi pour financer la Guerre de 100 ans.<\/p>\n\n\n<div class=\"wp-block-image\">\n<figure class=\"aligncenter size-full is-resized\"><img loading=\"lazy\" decoding=\"async\" width=\"448\" height=\"499\" src=\"https:\/\/www.fnath-montpellier.fr\/wp-content\/uploads\/2024\/03\/Jacquerie2.jpg\" alt=\"\" class=\"wp-image-243\" style=\"width:250px;height:auto\" srcset=\"https:\/\/www.fnath-montpellier.fr\/wp-content\/uploads\/2024\/03\/Jacquerie2.jpg 448w, https:\/\/www.fnath-montpellier.fr\/wp-content\/uploads\/2024\/03\/Jacquerie2-269x300.jpg 269w\" sizes=\"auto, (max-width: 448px) 100vw, 448px\" \/><\/figure>\n<\/div>\n\n\n<p>En <strong>1791<\/strong>, ces <strong>regroupements deviennent interdits<\/strong> parce que l&rsquo;Etat n&rsquo;arrive pas \u00e0 les contr\u00f4ler.<br>Souvenez vous que 1791 c&rsquo;est seulement 2 ans apr\u00e8s la R\u00e9volution Fran\u00e7aise. Nous sommes en pleine Monarchie Constitutionnelle. Le Roi Louis XVI est le Roi des Fran\u00e7ais et non plus le Roi de France, le souverain doit pr\u00eater serment de fid\u00e9lit\u00e9 \u00e0 la Nation. Nous sommes en pleine confusion et la guillotine fonctionne \u00e0 plein r\u00e9gime pour tout et rien \u00e0 la fois. La Loi \u00ab\u00a0Le Chapelier\u00a0\u00bb interdit les organisations syndicales.<\/p>\n\n\n<div class=\"wp-block-image\">\n<figure class=\"aligncenter size-full is-resized\"><img loading=\"lazy\" decoding=\"async\" width=\"960\" height=\"720\" src=\"https:\/\/www.fnath-montpellier.fr\/wp-content\/uploads\/2024\/03\/ob_503581_le-chapelier.jpg\" alt=\"\" class=\"wp-image-245\" style=\"width:316px;height:auto\" srcset=\"https:\/\/www.fnath-montpellier.fr\/wp-content\/uploads\/2024\/03\/ob_503581_le-chapelier.jpg 960w, https:\/\/www.fnath-montpellier.fr\/wp-content\/uploads\/2024\/03\/ob_503581_le-chapelier-300x225.jpg 300w, https:\/\/www.fnath-montpellier.fr\/wp-content\/uploads\/2024\/03\/ob_503581_le-chapelier-768x576.jpg 768w, https:\/\/www.fnath-montpellier.fr\/wp-content\/uploads\/2024\/03\/ob_503581_le-chapelier-600x450.jpg 600w\" sizes=\"auto, (max-width: 960px) 100vw, 960px\" \/><\/figure>\n<\/div>\n\n\n<p><strong>1870<\/strong> <strong>La guerre contre les Prussiens<\/strong> et la Commune de Paris est d\u00e9j\u00e0 un d\u00e9but de regroupement et une orientation de la Pens\u00e9e Populaire (pr\u00e9misses de la gauche), la solidarit\u00e9 des victimes de la Commune s\u2019engage.<br>20 000 communards sont tu\u00e9s par les Versaillais (130 000 gardes nationaux de l\u2019\u00e9tat), l\u2019\u00e9chec de la Commune est \u00e0 attribuer \u00e0 la division de l\u2019entente entre les diff\u00e9rentes organisations.<\/p>\n\n\n<div class=\"wp-block-image\">\n<figure class=\"aligncenter size-full is-resized\"><img loading=\"lazy\" decoding=\"async\" width=\"664\" height=\"452\" src=\"https:\/\/www.fnath-montpellier.fr\/wp-content\/uploads\/2024\/03\/54fc944_805148067-commune-pns-2863204.jpg\" alt=\"\" class=\"wp-image-244\" style=\"width:436px;height:auto\" srcset=\"https:\/\/www.fnath-montpellier.fr\/wp-content\/uploads\/2024\/03\/54fc944_805148067-commune-pns-2863204.jpg 664w, https:\/\/www.fnath-montpellier.fr\/wp-content\/uploads\/2024\/03\/54fc944_805148067-commune-pns-2863204-300x204.jpg 300w\" sizes=\"auto, (max-width: 664px) 100vw, 664px\" \/><\/figure>\n<\/div>\n\n\n<p><strong>1884<\/strong> <strong>la loi Waldeck-Rousseau<\/strong> l\u00e8ve l&rsquo;interdiction des organisations syndicales<\/p>\n\n\n<div class=\"wp-block-image\">\n<figure class=\"aligncenter size-full is-resized\"><img loading=\"lazy\" decoding=\"async\" width=\"720\" height=\"611\" src=\"https:\/\/www.fnath-montpellier.fr\/wp-content\/uploads\/2024\/03\/Ew_jMssWQAEifzq.jpg\" alt=\"\" class=\"wp-image-246\" style=\"width:388px;height:auto\" srcset=\"https:\/\/www.fnath-montpellier.fr\/wp-content\/uploads\/2024\/03\/Ew_jMssWQAEifzq.jpg 720w, https:\/\/www.fnath-montpellier.fr\/wp-content\/uploads\/2024\/03\/Ew_jMssWQAEifzq-300x255.jpg 300w\" sizes=\"auto, (max-width: 720px) 100vw, 720px\" \/><\/figure>\n<\/div>\n\n\n<p><strong>1895<\/strong> Organisation des victimes de guerre et d\u00e9fense des droits du travail (divers syndicats). <strong>Cr\u00e9ation de la CGT<\/strong><\/p>\n\n\n\n<p><strong>1901<\/strong> <strong>La loi Waldeck Rousseau<\/strong> va autoriser les syndicats, c\u2019est lui qui va cr\u00e9er aussi la loi de 1901 (autorisation de se regrouper \u00e0 plus de 3 personnes).<\/p>\n\n\n\n<p><strong>1904<\/strong> <strong>Le Congr\u00e8s de Bourges<\/strong> : la CGT f\u00e9d\u00e8re&nbsp;<a href=\"https:\/\/fr.wikipedia.org\/wiki\/Force_ouvri%C3%A8re\">Force ouvri\u00e8re<\/a>, l&rsquo;<a href=\"https:\/\/fr.wikipedia.org\/wiki\/UNSA\">UNSA<\/a>, l&rsquo;<a href=\"https:\/\/fr.wikipedia.org\/wiki\/Union_syndicale_Solidaires\">Union syndicale Solidaires<\/a>, la&nbsp;<a href=\"https:\/\/fr.wikipedia.org\/wiki\/Conf%C3%A9d%C3%A9ration_nationale_du_travail_(France)\">CNT<\/a>, la&nbsp;<a href=\"https:\/\/fr.wikipedia.org\/wiki\/F%C3%A9d%C3%A9ration_syndicale_unitaire\">FSU<\/a>, l&rsquo;<a href=\"https:\/\/fr.wikipedia.org\/wiki\/Union_nationale_lyc%C3%A9enne\">UNL<\/a>, le&nbsp;<a href=\"https:\/\/fr.wikipedia.org\/wiki\/Mouvement_national_lyc%C3%A9en\">MNL<\/a>&nbsp;ou l&rsquo;<a href=\"https:\/\/fr.wikipedia.org\/wiki\/Union_nationale_des_%C3%A9tudiants_de_France\">UNEF<\/a>&nbsp;qui se revendiquent toujours de la Charte d&rsquo;Amiens.&nbsp;<br>Certaines de ces organisations syndicales ont toutefois abandonn\u00e9 leur contenu r\u00e9volutionnaire.<br><em>N\u2019oubliez pas que nous sommes en pleine p\u00e9riode anarchiste (la Bande \u00e0 Bonnot), et pas tr\u00e8s loin du courant politique r\u00e9volutionnaire (L\u00e9nine, Marx, Trotski )<\/em>.<\/p>\n\n\n\n<p><strong>1906 Congr\u00e8s d&rsquo;Amiens<\/strong> : vote de la Charte de reconnaissance de la lutte des Classes de la CGT<\/p>\n\n\n\n<p><strong>1912 Charte d\u2019Amiens<\/strong> : tous les Syndicats se revendiquent de la charte d\u2019Amiens<\/p>\n\n\n\n<p><strong>1914 Assassinat de Jean Jaur\u00e8s<\/strong> : le courant socialiste de l\u2019\u00e9poque qui refuse le conflit avec l\u2019Allemagne.<\/p>\n\n\n<div class=\"wp-block-image\">\n<figure class=\"aligncenter size-full is-resized\"><img loading=\"lazy\" decoding=\"async\" width=\"1000\" height=\"500\" src=\"https:\/\/www.fnath-montpellier.fr\/wp-content\/uploads\/2024\/03\/20221121155555000000_g14_166.jpeg\" alt=\"\" class=\"wp-image-247\" style=\"width:509px;height:auto\" srcset=\"https:\/\/www.fnath-montpellier.fr\/wp-content\/uploads\/2024\/03\/20221121155555000000_g14_166.jpeg 1000w, https:\/\/www.fnath-montpellier.fr\/wp-content\/uploads\/2024\/03\/20221121155555000000_g14_166-300x150.jpeg 300w, https:\/\/www.fnath-montpellier.fr\/wp-content\/uploads\/2024\/03\/20221121155555000000_g14_166-768x384.jpeg 768w\" sizes=\"auto, (max-width: 1000px) 100vw, 1000px\" \/><\/figure>\n<\/div>\n\n\n<p><strong>1914<\/strong> Septembre <strong>D\u00e9claration de Guerre contre l\u2019Allemagne<\/strong><\/p>\n\n\n\n<p><strong>1914-1918 1ere Guerre Mondiale<\/strong> va creuser un foss\u00e9 avec les \u00ab&nbsp;Travailleurs&nbsp;\u00bb, le monde ouvrier prol\u00e9taire est tr\u00e8s touch\u00e9 car mobilis\u00e9. Le monde patronal est dans le monde des Officiers souvent rest\u00e9 \u00e0 l\u2019arri\u00e8re ou \u00ab&nbsp;planqu\u00e9&nbsp;\u00bb (paiement d&rsquo;une personne pour \u00eatre mobilis\u00e9 \u00e0 sa place).<\/p>\n\n\n\n<p><strong>1919 Naissance du Comit\u00e9 Central de D\u00e9fense des Int\u00e9r\u00eats<\/strong><\/p>\n\n\n\n<p><strong>1920 Cr\u00e9ation des Syndicats de la Fonction Publique <\/strong>(<em>interdits jusque l\u00e0<\/em>)<\/p>\n\n\n\n<p><strong>1921 Cr\u00e9ation de la FNATH<\/strong><\/p>\n\n\n\n<figure class=\"wp-block-image size-large\"><img loading=\"lazy\" decoding=\"async\" width=\"1024\" height=\"205\" src=\"https:\/\/www.fnath-montpellier.fr\/wp-content\/uploads\/2024\/03\/banniere-fnath-calvados-manche-179-1024x205.jpg\" alt=\"\" class=\"wp-image-127\" srcset=\"https:\/\/www.fnath-montpellier.fr\/wp-content\/uploads\/2024\/03\/banniere-fnath-calvados-manche-179-1024x205.jpg 1024w, https:\/\/www.fnath-montpellier.fr\/wp-content\/uploads\/2024\/03\/banniere-fnath-calvados-manche-179-300x60.jpg 300w, https:\/\/www.fnath-montpellier.fr\/wp-content\/uploads\/2024\/03\/banniere-fnath-calvados-manche-179-768x154.jpg 768w, https:\/\/www.fnath-montpellier.fr\/wp-content\/uploads\/2024\/03\/banniere-fnath-calvados-manche-179-1536x307.jpg 1536w, https:\/\/www.fnath-montpellier.fr\/wp-content\/uploads\/2024\/03\/banniere-fnath-calvados-manche-179.jpg 2000w\" sizes=\"auto, (max-width: 1024px) 100vw, 1024px\" \/><\/figure>\n","protected":false},"excerpt":{"rendered":"<p>Histoire du Syndicalisme avant la cr\u00e9ation de la FNATH (Sources Wikip\u00e9dia) Les regroupements de \u00ab\u00a0m\u00e9contents\u00a0\u00bb existent depuis toujours et ils<\/p>\n","protected":false},"author":1,"featured_media":0,"parent":0,"menu_order":0,"comment_status":"closed","ping_status":"closed","template":"","meta":{"footnotes":""},"class_list":["post-121","page","type-page","status-publish","hentry","comments-off"],"_links":{"self":[{"href":"https:\/\/www.fnath-montpellier.fr\/index.php\/wp-json\/wp\/v2\/pages\/121","targetHints":{"allow":["GET"]}}],"collection":[{"href":"https:\/\/www.fnath-montpellier.fr\/index.php\/wp-json\/wp\/v2\/pages"}],"about":[{"href":"https:\/\/www.fnath-montpellier.fr\/index.php\/wp-json\/wp\/v2\/types\/page"}],"author":[{"embeddable":true,"href":"https:\/\/www.fnath-montpellier.fr\/index.php\/wp-json\/wp\/v2\/users\/1"}],"replies":[{"embeddable":true,"href":"https:\/\/www.fnath-montpellier.fr\/index.php\/wp-json\/wp\/v2\/comments?post=121"}],"version-history":[{"count":11,"href":"https:\/\/www.fnath-montpellier.fr\/index.php\/wp-json\/wp\/v2\/pages\/121\/revisions"}],"predecessor-version":[{"id":615,"href":"https:\/\/www.fnath-montpellier.fr\/index.php\/wp-json\/wp\/v2\/pages\/121\/revisions\/615"}],"wp:attachment":[{"href":"https:\/\/www.fnath-montpellier.fr\/index.php\/wp-json\/wp\/v2\/media?parent=121"}],"curies":[{"name":"wp","href":"https:\/\/api.w.org\/{rel}","templated":true}]}}

<p class="has-medium-font-size"><strong>Histoire du Syndicalisme avant la création de la FNATH</strong> (Sources Wikipédia)</p>



<p>Les regroupements de « mécontents » existent depuis toujours et ils se regroupent souvent pour faire reconnaitre leurs droits.<br>Au Moyen-Age, vers <strong>1447</strong>, <strong>les Jacqueries</strong> (révolte des paysans) et Jacques Bonhomme ont créé les premiers syndicats d&rsquo;artisans et de commerçants qui se sont regroupés pour échapper aux lourds impôt imposés par le roi pour financer la Guerre de 100 ans.</p>


<div class="wp-block-image">
<figure class="aligncenter size-full is-resized"><img loading="lazy" decoding="async" width="448" height="499" src="https://www.fnath-montpellier.fr/wp-content/uploads/2024/03/Jacquerie2.jpg" alt="" class="wp-image-243" style="width:250px;height:auto" srcset="https://www.fnath-montpellier.fr/wp-content/uploads/2024/03/Jacquerie2.jpg 448w, https://www.fnath-montpellier.fr/wp-content/uploads/2024/03/Jacquerie2-269x300.jpg 269w" sizes="auto, (max-width: 448px) 100vw, 448px" /></figure>
</div>


<p>En <strong>1791</strong>, ces <strong>regroupements deviennent interdits</strong> parce que l&rsquo;Etat n&rsquo;arrive pas à les contrôler.<br>Souvenez vous que 1791 c&rsquo;est seulement 2 ans après la Révolution Française. Nous sommes en pleine Monarchie Constitutionnelle. Le Roi Louis XVI est le Roi des Français et non plus le Roi de France, le souverain doit prêter serment de fidélité à la Nation. Nous sommes en pleine confusion et la guillotine fonctionne à plein régime pour tout et rien à la fois. La Loi « Le Chapelier » interdit les organisations syndicales.</p>


<div class="wp-block-image">
<figure class="aligncenter size-full is-resized"><img loading="lazy" decoding="async" width="960" height="720" src="https://www.fnath-montpellier.fr/wp-content/uploads/2024/03/ob_503581_le-chapelier.jpg" alt="" class="wp-image-245" style="width:316px;height:auto" srcset="https://www.fnath-montpellier.fr/wp-content/uploads/2024/03/ob_503581_le-chapelier.jpg 960w, https://www.fnath-montpellier.fr/wp-content/uploads/2024/03/ob_503581_le-chapelier-300x225.jpg 300w, https://www.fnath-montpellier.fr/wp-content/uploads/2024/03/ob_503581_le-chapelier-768x576.jpg 768w, https://www.fnath-montpellier.fr/wp-content/uploads/2024/03/ob_503581_le-chapelier-600x450.jpg 600w" sizes="auto, (max-width: 960px) 100vw, 960px" /></figure>
</div>


<p><strong>1870</strong> <strong>La guerre contre les Prussiens</strong> et la Commune de Paris est déjà un début de regroupement et une orientation de la Pensée Populaire (prémisses de la gauche), la solidarité des victimes de la Commune s’engage.<br>20 000 communards sont tués par les Versaillais (130 000 gardes nationaux de l’état), l’échec de la Commune est à attribuer à la division de l’entente entre les différentes organisations.</p>


<div class="wp-block-image">
<figure class="aligncenter size-full is-resized"><img loading="lazy" decoding="async" width="664" height="452" src="https://www.fnath-montpellier.fr/wp-content/uploads/2024/03/54fc944_805148067-commune-pns-2863204.jpg" alt="" class="wp-image-244" style="width:436px;height:auto" srcset="https://www.fnath-montpellier.fr/wp-content/uploads/2024/03/54fc944_805148067-commune-pns-2863204.jpg 664w, https://www.fnath-montpellier.fr/wp-content/uploads/2024/03/54fc944_805148067-commune-pns-2863204-300x204.jpg 300w" sizes="auto, (max-width: 664px) 100vw, 664px" /></figure>
</div>


<p><strong>1884</strong> <strong>la loi Waldeck-Rousseau</strong> lève l&rsquo;interdiction des organisations syndicales</p>


<div class="wp-block-image">
<figure class="aligncenter size-full is-resized"><img loading="lazy" decoding="async" width="720" height="611" src="https://www.fnath-montpellier.fr/wp-content/uploads/2024/03/Ew_jMssWQAEifzq.jpg" alt="" class="wp-image-246" style="width:388px;height:auto" srcset="https://www.fnath-montpellier.fr/wp-content/uploads/2024/03/Ew_jMssWQAEifzq.jpg 720w, https://www.fnath-montpellier.fr/wp-content/uploads/2024/03/Ew_jMssWQAEifzq-300x255.jpg 300w" sizes="auto, (max-width: 720px) 100vw, 720px" /></figure>
</div>


<p><strong>1895</strong> Organisation des victimes de guerre et défense des droits du travail (divers syndicats). <strong>Création de la CGT</strong></p>



<p><strong>1901</strong> <strong>La loi Waldeck Rousseau</strong> va autoriser les syndicats, c’est lui qui va créer aussi la loi de 1901 (autorisation de se regrouper à plus de 3 personnes).</p>



<p><strong>1904</strong> <strong>Le Congrès de Bourges</strong> : la CGT fédère&nbsp;<a href="https://fr.wikipedia.org/wiki/Force_ouvri%C3%A8re">Force ouvrière</a>, l&rsquo;<a href="https://fr.wikipedia.org/wiki/UNSA">UNSA</a>, l&rsquo;<a href="https://fr.wikipedia.org/wiki/Union_syndicale_Solidaires">Union syndicale Solidaires</a>, la&nbsp;<a href="https://fr.wikipedia.org/wiki/Conf%C3%A9d%C3%A9ration_nationale_du_travail_(France)">CNT</a>, la&nbsp;<a href="https://fr.wikipedia.org/wiki/F%C3%A9d%C3%A9ration_syndicale_unitaire">FSU</a>, l&rsquo;<a href="https://fr.wikipedia.org/wiki/Union_nationale_lyc%C3%A9enne">UNL</a>, le&nbsp;<a href="https://fr.wikipedia.org/wiki/Mouvement_national_lyc%C3%A9en">MNL</a>&nbsp;ou l&rsquo;<a href="https://fr.wikipedia.org/wiki/Union_nationale_des_%C3%A9tudiants_de_France">UNEF</a>&nbsp;qui se revendiquent toujours de la Charte d&rsquo;Amiens.&nbsp;<br>Certaines de ces organisations syndicales ont toutefois abandonné leur contenu révolutionnaire.<br><em>N’oubliez pas que nous sommes en pleine période anarchiste (la Bande à Bonnot), et pas très loin du courant politique révolutionnaire (Lénine, Marx, Trotski )</em>.</p>



<p><strong>1906 Congrès d&rsquo;Amiens</strong> : vote de la Charte de reconnaissance de la lutte des Classes de la CGT</p>



<p><strong>1912 Charte d’Amiens</strong> : tous les Syndicats se revendiquent de la charte d’Amiens</p>



<p><strong>1914 Assassinat de Jean Jaurès</strong> : le courant socialiste de l’époque qui refuse le conflit avec l’Allemagne.</p>


<div class="wp-block-image">
<figure class="aligncenter size-full is-resized"><img loading="lazy" decoding="async" width="1000" height="500" src="https://www.fnath-montpellier.fr/wp-content/uploads/2024/03/20221121155555000000_g14_166.jpeg" alt="" class="wp-image-247" style="width:509px;height:auto" srcset="https://www.fnath-montpellier.fr/wp-content/uploads/2024/03/20221121155555000000_g14_166.jpeg 1000w, https://www.fnath-montpellier.fr/wp-content/uploads/2024/03/20221121155555000000_g14_166-300x150.jpeg 300w, https://www.fnath-montpellier.fr/wp-content/uploads/2024/03/20221121155555000000_g14_166-768x384.jpeg 768w" sizes="auto, (max-width: 1000px) 100vw, 1000px" /></figure>
</div>


<p><strong>1914</strong> Septembre <strong>Déclaration de Guerre contre l’Allemagne</strong></p>



<p><strong>1914-1918 1ere Guerre Mondiale</strong> va creuser un fossé avec les «&nbsp;Travailleurs&nbsp;», le monde ouvrier prolétaire est très touché car mobilisé. Le monde patronal est dans le monde des Officiers souvent resté à l’arrière ou «&nbsp;planqué&nbsp;» (paiement d&rsquo;une personne pour être mobilisé à sa place).</p>



<p><strong>1919 Naissance du Comité Central de Défense des Intérêts</strong></p>



<p><strong>1920 Création des Syndicats de la Fonction Publique </strong>(<em>interdits jusque là</em>)</p>



<p><strong>1921 Création de la FNATH</strong></p>



<figure class="wp-block-image size-large"><img loading="lazy" decoding="async" width="1024" height="205" src="https://www.fnath-montpellier.fr/wp-content/uploads/2024/03/banniere-fnath-calvados-manche-179-1024x205.jpg" alt="" class="wp-image-127" srcset="https://www.fnath-montpellier.fr/wp-content/uploads/2024/03/banniere-fnath-calvados-manche-179-1024x205.jpg 1024w, https://www.fnath-montpellier.fr/wp-content/uploads/2024/03/banniere-fnath-calvados-manche-179-300x60.jpg 300w, https://www.fnath-montpellier.fr/wp-content/uploads/2024/03/banniere-fnath-calvados-manche-179-768x154.jpg 768w, https://www.fnath-montpellier.fr/wp-content/uploads/2024/03/banniere-fnath-calvados-manche-179-1536x307.jpg 1536w, https://www.fnath-montpellier.fr/wp-content/uploads/2024/03/banniere-fnath-calvados-manche-179.jpg 2000w" sizes="auto, (max-width: 1024px) 100vw, 1024px" /></figure>

<p>Histoire du Syndicalisme avant la création de la FNATH (Sources Wikipédia) Les regroupements de « mécontents » existent depuis toujours et ils</p>
