{"id":137,"date":"2024-03-11T16:01:00","date_gmt":"2024-03-11T15:01:00","guid":{"rendered":"https:\/\/www.fnath-montpellier.fr\/?page_id=137"},"modified":"2024-08-26T13:51:52","modified_gmt":"2024-08-26T11:51:52","slug":"la-fnath","status":"publish","type":"page","link":"https:\/\/www.fnath-montpellier.fr\/index.php\/la-fnath\/","title":{"rendered":"La FNATH"},"content":{"rendered":"\n<p class=\"has-large-font-size\"><strong>1921 Naissance de la FNATH<\/strong> <em>(Archives FNATH)<\/em><\/p>\n\n\n\n<p class=\"has-text-align-center has-large-font-size\"><a href=\"https:\/\/www.youtube.com\/watch?v=bED9KqMVSQE&amp;t=61s\" data-type=\"link\" data-id=\"https:\/\/www.youtube.com\/watch?v=bED9KqMVSQE&amp;t=61s\"><strong>Vid\u00e9o de l&rsquo;Histoire de la FNATH<\/strong><\/a><\/p>\n\n\n\n<figure data-wp-context=\"{&quot;imageId&quot;:&quot;69f1bca60f43f&quot;}\" data-wp-interactive=\"core\/image\" data-wp-key=\"69f1bca60f43f\" class=\"wp-block-image size-large is-resized wp-lightbox-container\"><img loading=\"lazy\" decoding=\"async\" width=\"1024\" height=\"576\" data-wp-class--hide=\"state.isContentHidden\" data-wp-class--show=\"state.isContentVisible\" data-wp-init=\"callbacks.setButtonStyles\" data-wp-on--click=\"actions.showLightbox\" data-wp-on--load=\"callbacks.setButtonStyles\" data-wp-on-window--resize=\"callbacks.setButtonStyles\" src=\"https:\/\/www.fnath-montpellier.fr\/wp-content\/uploads\/2024\/03\/Naissance-FNATH-1024x576.jpg\" alt=\"\" class=\"wp-image-139\" style=\"width:880px;height:auto\" srcset=\"https:\/\/www.fnath-montpellier.fr\/wp-content\/uploads\/2024\/03\/Naissance-FNATH-1024x576.jpg 1024w, https:\/\/www.fnath-montpellier.fr\/wp-content\/uploads\/2024\/03\/Naissance-FNATH-300x169.jpg 300w, https:\/\/www.fnath-montpellier.fr\/wp-content\/uploads\/2024\/03\/Naissance-FNATH-768x432.jpg 768w, https:\/\/www.fnath-montpellier.fr\/wp-content\/uploads\/2024\/03\/Naissance-FNATH.jpg 1280w\" sizes=\"auto, (max-width: 1024px) 100vw, 1024px\" \/><button\n\t\t\tclass=\"lightbox-trigger\"\n\t\t\ttype=\"button\"\n\t\t\taria-haspopup=\"dialog\"\n\t\t\taria-label=\"Agrandir\"\n\t\t\tdata-wp-init=\"callbacks.initTriggerButton\"\n\t\t\tdata-wp-on--click=\"actions.showLightbox\"\n\t\t\tdata-wp-style--right=\"state.imageButtonRight\"\n\t\t\tdata-wp-style--top=\"state.imageButtonTop\"\n\t\t>\n\t\t\t<svg xmlns=\"http:\/\/www.w3.org\/2000\/svg\" width=\"12\" height=\"12\" fill=\"none\" viewBox=\"0 0 12 12\">\n\t\t\t\t<path fill=\"#fff\" d=\"M2 0a2 2 0 0 0-2 2v2h1.5V2a.5.5 0 0 1 .5-.5h2V0H2Zm2 10.5H2a.5.5 0 0 1-.5-.5V8H0v2a2 2 0 0 0 2 2h2v-1.5ZM8 12v-1.5h2a.5.5 0 0 0 .5-.5V8H12v2a2 2 0 0 1-2 2H8Zm2-12a2 2 0 0 1 2 2v2h-1.5V2a.5.5 0 0 0-.5-.5H8V0h2Z\" \/>\n\t\t\t<\/svg>\n\t\t<\/button><figcaption class=\"wp-element-caption\">1<strong>921 Naissance de la FNATH<\/strong><\/figcaption><\/figure>\n\n\n\n<p>\u2022La F\u00e9d\u00e9ration Nationale des Mutil\u00e9s et Invalides devient <strong>F<\/strong>\u00e9d\u00e9ration <strong>N<\/strong>ationale des <strong>A<\/strong>ccident\u00e9s du <strong>T<\/strong>ravail et des <strong>H<\/strong>andicap\u00e9s<br>\u2022Cr\u00e9ation dans un contexte d\u2019indignation au sortir de la 1<sup>ere<\/sup> Guerre Mondiale car les mutil\u00e9s de Guerre attirent toutes les attentions et reconnaissances alors que les mutil\u00e9s du travail sont laiss\u00e9s de c\u00f4t\u00e9.<br><strong>Ceux qui tombent pour fait de mort \u00ab&nbsp;la Guerre&nbsp;\u00bb ont droit \u00e0 la reconnaissance de la Nation<\/strong><br><strong>Ceux qui tombent pour fait de vie \u00ab&nbsp;le Travail&nbsp;\u00bb n\u2019ont droit \u00e0 rien<\/strong><\/p>\n\n\n\n<figure class=\"wp-block-image size-large is-resized\"><img loading=\"lazy\" decoding=\"async\" width=\"1024\" height=\"576\" src=\"https:\/\/www.fnath-montpellier.fr\/wp-content\/uploads\/2024\/03\/Baptiste-MARCET-1024x576.jpg\" alt=\"\" class=\"wp-image-141\" style=\"width:880px;height:auto\" srcset=\"https:\/\/www.fnath-montpellier.fr\/wp-content\/uploads\/2024\/03\/Baptiste-MARCET-1024x576.jpg 1024w, https:\/\/www.fnath-montpellier.fr\/wp-content\/uploads\/2024\/03\/Baptiste-MARCET-300x169.jpg 300w, https:\/\/www.fnath-montpellier.fr\/wp-content\/uploads\/2024\/03\/Baptiste-MARCET-768x432.jpg 768w, https:\/\/www.fnath-montpellier.fr\/wp-content\/uploads\/2024\/03\/Baptiste-MARCET.jpg 1280w\" sizes=\"auto, (max-width: 1024px) 100vw, 1024px\" \/><figcaption class=\"wp-element-caption\"><strong>Baptiste MARCET Fondateur du Mouvement<\/strong><\/figcaption><\/figure>\n\n\n<div class=\"wp-block-image\">\n<figure class=\"aligncenter size-large is-resized\"><img loading=\"lazy\" decoding=\"async\" width=\"1024\" height=\"355\" src=\"https:\/\/www.fnath-montpellier.fr\/wp-content\/uploads\/2024\/03\/picto-horizontal-1024x355.png\" alt=\"\" class=\"wp-image-151\" style=\"width:66px;height:auto\" srcset=\"https:\/\/www.fnath-montpellier.fr\/wp-content\/uploads\/2024\/03\/picto-horizontal-1024x355.png 1024w, https:\/\/www.fnath-montpellier.fr\/wp-content\/uploads\/2024\/03\/picto-horizontal-300x104.png 300w, https:\/\/www.fnath-montpellier.fr\/wp-content\/uploads\/2024\/03\/picto-horizontal-768x266.png 768w, https:\/\/www.fnath-montpellier.fr\/wp-content\/uploads\/2024\/03\/picto-horizontal-1536x532.png 1536w, https:\/\/www.fnath-montpellier.fr\/wp-content\/uploads\/2024\/03\/picto-horizontal.png 2048w\" sizes=\"auto, (max-width: 1024px) 100vw, 1024px\" \/><\/figure>\n<\/div>\n\n\n<p>\u2022<strong>1919&nbsp;Naissance \u00e0 Marseille du Comit\u00e9 central de d\u00e9fense et d\u2019int\u00e9r\u00eat des mutil\u00e9s du travail.<\/strong><br>\u2022<strong>1920&nbsp;Choix de la F\u00e9d\u00e9ration nationale des mutil\u00e9s et invalide du travail (FNMIT) comme nom pour ce nouveau mouvement.<\/strong><br>\u2022<strong>1921 Cr\u00e9ation de la FNATH dont le si\u00e8ge Social est \u00e0 St Etienne <\/strong>(<em>F\u00e9d\u00e9ration des Mutil\u00e9s du Travail<\/em>)<br>Le si\u00e8ge social est \u00e0 St Etienne en r\u00e9f\u00e9rence aux gr\u00e8ves des mineurs. C&rsquo;est dans ces bassins industriels qu&rsquo;il y avait beaucoup d&rsquo;ouvriers, mais aussi beaucoup d&rsquo;accident\u00e9s.<br>\u2022<strong>1921 Premi\u00e8re majoration des rentes et pensions<\/strong><br>\u2022<strong>1929 Loi de Majoration vot\u00e9e<\/strong><br>\u2022<strong>1938 R\u00e9forme de la Loi de 1898 : la r\u00e9paration est \u00e9tendue \u00e0 presque tous les salari\u00e9s<\/strong><br>\u2022<strong>1939 Forte revalorisation des rentes vot\u00e9e \u00e0 l\u2019unanimit\u00e9 par les d\u00e9put\u00e9s (<\/strong><em>appliqu\u00e9 en 1942<\/em>)<br>\u2022<strong>1945 Participation \u00e0 la naissance de la S\u00e9curit\u00e9 Sociale<\/strong><br>\u2022<strong>1946 Nouvelle revalorisation des rentes<\/strong><br>\u2022<strong>1949 Loi en faveur des invalides civiles : doublement des rentes accidents du travail<\/strong><br>\u2022<strong>1954 Nouvelle Loi de revalorisation <\/strong>(<em>pension avec Taux li\u00e9 \u00e0 l\u2019inflation<\/em>)<br>\u2022<strong>1957 Loi reclassement Emploi Travailleurs Handicap\u00e9s (<\/strong><em>revue en 1975, 2019 et 2022<\/em><strong>)<\/strong><br>\u2022<strong>1972 Am\u00e9lioration r\u00e9paration salari\u00e9s agricoles accident\u00e9s<\/strong><br>\u2022<strong>1974 Indemnisation ayants droit de victimes d\u2019accidents du travail mortels<\/strong><br>\u2022<strong>1975 La loi d&rsquo;orientation des personnes handicap\u00e9es<\/strong><br>\u2022<strong>1981 Protection de l\u2019emploi des accident\u00e9s du travail<\/strong><br>\u2022<strong>1985 Loi Badinter : La loi sur l&rsquo;indemnisation des victimes de la route<\/strong><br>\u2022<strong>1987 Loi sur l\u2019obligation d\u2019emploi des personnes handicap\u00e9es<\/strong><br>\u2022<strong>1993 L\u2019indemnisation des maladies professionnelles est facilit\u00e9e<\/strong><br>\u2022<strong>1997&nbsp; Interdiction de l\u2019Amiante<\/strong><br>\u2022<strong>2000 Cr\u00e9ation du Fonds d\u2019Indemnisation des Victimes de l\u2019Amiante<\/strong><br>\u2022<strong>2005 La FNATH est reconnue d\u2019Utilit\u00e9 Publique<\/strong><br>\u2022<strong>2005 Accessibilit\u00e9 : \u00ab&nbsp;loi handicap&nbsp;\u00bb MDPH Emploi + fond d\u2019indemnisation<\/strong><br>\u2022<strong>2005 Retraite anticip\u00e9e pour les Personnes Handicap\u00e9es<\/strong><br>\u2022<strong>2005, 2009 et 2016&nbsp; : &nbsp; D\u00e9finition du plan Sant\u00e9-Travail<\/strong><br>\u2022<strong>2010 Encadrement des d\u00e9passements d\u2019honoraires<\/strong><br>\u2022<strong>2010 Droits renforc\u00e9s pour les malades<\/strong><br>\u2022<strong>2010 Premiers pas de la r\u00e9paration int\u00e9grale<\/strong><br>\u2022<strong>2015 Stationnement gratuit pour les handicap\u00e9s sans limite de dur\u00e9e (<\/strong>France et International<strong>)<\/strong><br>\u2022<strong>2016 Accompagnement des victimes d\u2019attentats<\/strong><br>\u2022<strong>2018 Revalorisation AAH<\/strong><br><strong>2019 Reconnaissance des maladies li\u00e9es aux Pesticides<\/strong><\/p>\n\n\n<div class=\"wp-block-image\">\n<figure class=\"aligncenter size-full is-resized\"><img loading=\"lazy\" decoding=\"async\" width=\"1024\" height=\"355\" src=\"https:\/\/www.fnath-montpellier.fr\/wp-content\/uploads\/2024\/03\/image.png\" alt=\"\" class=\"wp-image-215\" style=\"width:69px;height:auto\" srcset=\"https:\/\/www.fnath-montpellier.fr\/wp-content\/uploads\/2024\/03\/image.png 1024w, https:\/\/www.fnath-montpellier.fr\/wp-content\/uploads\/2024\/03\/image-300x104.png 300w, https:\/\/www.fnath-montpellier.fr\/wp-content\/uploads\/2024\/03\/image-768x266.png 768w\" sizes=\"auto, (max-width: 1024px) 100vw, 1024px\" \/><\/figure>\n<\/div>\n\n\n<p><strong>En 2023<\/strong> son action revendicative son engagement au plan national ont contribu\u00e9&nbsp;:<br>_ \u00e0 la reconnaissance en maladie professionnelle par d\u00e9cret du 14 octobre 2023 des cancers du larynx et de l\u2019ovaire caus\u00e9s par l\u2019inhalation de poussi\u00e8res d\u2019amiante<br>_ \u00e0 la d\u00e9-conjugalisassions de l\u2019allocation adulte handicap\u00e9 qui est entr\u00e9e en vigueur le 01 octobre 2023.<br><em>Cette r\u00e9forme pour laquelle la FNATH s\u2019est beaucoup battue change le mode de calcul pour les b\u00e9n\u00e9ficiaires qui sont en couple<\/em>.<br>_ \u00e0 faire retirer l\u2019article 39 du PLFSS (projet de loi de financement de la S\u00e9curit\u00e9 Sociale) qui visait \u00e0 modifier les r\u00e8gles d\u2019indemnisation des victimes d\u2019accidents du travail et de maladie professionnelles.<br>_ \u00e0 ce qu\u2019un d\u00e9cret rectificatif soit publi\u00e9 et am\u00e9nage le plafond de revenus au-del\u00e0 duquel la pension d\u2019invalidit\u00e9 est r\u00e9duite en cas de reprise ou de poursuite d\u2019activit\u00e9 professionnelle en relevant \u00e0 1.5 fois le plafond annuel de la s\u00e9curit\u00e9 sociale contre 1 auparavant.<\/p>\n\n\n<div class=\"wp-block-image\">\n<figure class=\"aligncenter size-large is-resized\"><img loading=\"lazy\" decoding=\"async\" width=\"1024\" height=\"355\" src=\"https:\/\/www.fnath-montpellier.fr\/wp-content\/uploads\/2024\/03\/picto-horizontal-1024x355.png\" alt=\"\" class=\"wp-image-151\" style=\"width:345px;height:auto\" srcset=\"https:\/\/www.fnath-montpellier.fr\/wp-content\/uploads\/2024\/03\/picto-horizontal-1024x355.png 1024w, https:\/\/www.fnath-montpellier.fr\/wp-content\/uploads\/2024\/03\/picto-horizontal-300x104.png 300w, https:\/\/www.fnath-montpellier.fr\/wp-content\/uploads\/2024\/03\/picto-horizontal-768x266.png 768w, https:\/\/www.fnath-montpellier.fr\/wp-content\/uploads\/2024\/03\/picto-horizontal-1536x532.png 1536w, https:\/\/www.fnath-montpellier.fr\/wp-content\/uploads\/2024\/03\/picto-horizontal.png 2048w\" sizes=\"auto, (max-width: 1024px) 100vw, 1024px\" \/><\/figure>\n<\/div>","protected":false},"excerpt":{"rendered":"<p>1921 Naissance de la FNATH (Archives FNATH) Vid\u00e9o de l&rsquo;Histoire de la FNATH \u2022La F\u00e9d\u00e9ration Nationale des Mutil\u00e9s et Invalides<\/p>\n","protected":false},"author":1,"featured_media":0,"parent":0,"menu_order":0,"comment_status":"closed","ping_status":"closed","template":"","meta":{"footnotes":""},"class_list":["post-137","page","type-page","status-publish","hentry","comments-off"],"_links":{"self":[{"href":"https:\/\/www.fnath-montpellier.fr\/index.php\/wp-json\/wp\/v2\/pages\/137","targetHints":{"allow":["GET"]}}],"collection":[{"href":"https:\/\/www.fnath-montpellier.fr\/index.php\/wp-json\/wp\/v2\/pages"}],"about":[{"href":"https:\/\/www.fnath-montpellier.fr\/index.php\/wp-json\/wp\/v2\/types\/page"}],"author":[{"embeddable":true,"href":"https:\/\/www.fnath-montpellier.fr\/index.php\/wp-json\/wp\/v2\/users\/1"}],"replies":[{"embeddable":true,"href":"https:\/\/www.fnath-montpellier.fr\/index.php\/wp-json\/wp\/v2\/comments?post=137"}],"version-history":[{"count":12,"href":"https:\/\/www.fnath-montpellier.fr\/index.php\/wp-json\/wp\/v2\/pages\/137\/revisions"}],"predecessor-version":[{"id":667,"href":"https:\/\/www.fnath-montpellier.fr\/index.php\/wp-json\/wp\/v2\/pages\/137\/revisions\/667"}],"wp:attachment":[{"href":"https:\/\/www.fnath-montpellier.fr\/index.php\/wp-json\/wp\/v2\/media?parent=137"}],"curies":[{"name":"wp","href":"https:\/\/api.w.org\/{rel}","templated":true}]}}

<p class="has-large-font-size"><strong>1921 Naissance de la FNATH</strong> <em>(Archives FNATH)</em></p>



<p class="has-text-align-center has-large-font-size"><a href="https://www.youtube.com/watch?v=bED9KqMVSQE&amp;t=61s" data-type="link" data-id="https://www.youtube.com/watch?v=bED9KqMVSQE&amp;t=61s"><strong>Vidéo de l&rsquo;Histoire de la FNATH</strong></a></p>



<figure data-wp-context="{&quot;imageId&quot;:&quot;69f1bca60f43f&quot;}" data-wp-interactive="core/image" data-wp-key="69f1bca60f43f" class="wp-block-image size-large is-resized wp-lightbox-container"><img loading="lazy" decoding="async" width="1024" height="576" data-wp-class--hide="state.isContentHidden" data-wp-class--show="state.isContentVisible" data-wp-init="callbacks.setButtonStyles" data-wp-on--click="actions.showLightbox" data-wp-on--load="callbacks.setButtonStyles" data-wp-on-window--resize="callbacks.setButtonStyles" src="https://www.fnath-montpellier.fr/wp-content/uploads/2024/03/Naissance-FNATH-1024x576.jpg" alt="" class="wp-image-139" style="width:880px;height:auto" srcset="https://www.fnath-montpellier.fr/wp-content/uploads/2024/03/Naissance-FNATH-1024x576.jpg 1024w, https://www.fnath-montpellier.fr/wp-content/uploads/2024/03/Naissance-FNATH-300x169.jpg 300w, https://www.fnath-montpellier.fr/wp-content/uploads/2024/03/Naissance-FNATH-768x432.jpg 768w, https://www.fnath-montpellier.fr/wp-content/uploads/2024/03/Naissance-FNATH.jpg 1280w" sizes="auto, (max-width: 1024px) 100vw, 1024px" /><button
			class="lightbox-trigger"
			type="button"
			aria-haspopup="dialog"
			aria-label="Agrandir"
			data-wp-init="callbacks.initTriggerButton"
			data-wp-on--click="actions.showLightbox"
			data-wp-style--right="state.imageButtonRight"
			data-wp-style--top="state.imageButtonTop"
		>
			<svg xmlns="http://www.w3.org/2000/svg" width="12" height="12" fill="none" viewBox="0 0 12 12">
				<path fill="#fff" d="M2 0a2 2 0 0 0-2 2v2h1.5V2a.5.5 0 0 1 .5-.5h2V0H2Zm2 10.5H2a.5.5 0 0 1-.5-.5V8H0v2a2 2 0 0 0 2 2h2v-1.5ZM8 12v-1.5h2a.5.5 0 0 0 .5-.5V8H12v2a2 2 0 0 1-2 2H8Zm2-12a2 2 0 0 1 2 2v2h-1.5V2a.5.5 0 0 0-.5-.5H8V0h2Z" />
			</svg>
		</button><figcaption class="wp-element-caption">1<strong>921 Naissance de la FNATH</strong></figcaption></figure>



<p>•La Fédération Nationale des Mutilés et Invalides devient <strong>F</strong>édération <strong>N</strong>ationale des <strong>A</strong>ccidentés du <strong>T</strong>ravail et des <strong>H</strong>andicapés<br>•Création dans un contexte d’indignation au sortir de la 1<sup>ere</sup> Guerre Mondiale car les mutilés de Guerre attirent toutes les attentions et reconnaissances alors que les mutilés du travail sont laissés de côté.<br><strong>Ceux qui tombent pour fait de mort «&nbsp;la Guerre&nbsp;» ont droit à la reconnaissance de la Nation</strong><br><strong>Ceux qui tombent pour fait de vie «&nbsp;le Travail&nbsp;» n’ont droit à rien</strong></p>



<figure class="wp-block-image size-large is-resized"><img loading="lazy" decoding="async" width="1024" height="576" src="https://www.fnath-montpellier.fr/wp-content/uploads/2024/03/Baptiste-MARCET-1024x576.jpg" alt="" class="wp-image-141" style="width:880px;height:auto" srcset="https://www.fnath-montpellier.fr/wp-content/uploads/2024/03/Baptiste-MARCET-1024x576.jpg 1024w, https://www.fnath-montpellier.fr/wp-content/uploads/2024/03/Baptiste-MARCET-300x169.jpg 300w, https://www.fnath-montpellier.fr/wp-content/uploads/2024/03/Baptiste-MARCET-768x432.jpg 768w, https://www.fnath-montpellier.fr/wp-content/uploads/2024/03/Baptiste-MARCET.jpg 1280w" sizes="auto, (max-width: 1024px) 100vw, 1024px" /><figcaption class="wp-element-caption"><strong>Baptiste MARCET Fondateur du Mouvement</strong></figcaption></figure>


<div class="wp-block-image">
<figure class="aligncenter size-large is-resized"><img loading="lazy" decoding="async" width="1024" height="355" src="https://www.fnath-montpellier.fr/wp-content/uploads/2024/03/picto-horizontal-1024x355.png" alt="" class="wp-image-151" style="width:66px;height:auto" srcset="https://www.fnath-montpellier.fr/wp-content/uploads/2024/03/picto-horizontal-1024x355.png 1024w, https://www.fnath-montpellier.fr/wp-content/uploads/2024/03/picto-horizontal-300x104.png 300w, https://www.fnath-montpellier.fr/wp-content/uploads/2024/03/picto-horizontal-768x266.png 768w, https://www.fnath-montpellier.fr/wp-content/uploads/2024/03/picto-horizontal-1536x532.png 1536w, https://www.fnath-montpellier.fr/wp-content/uploads/2024/03/picto-horizontal.png 2048w" sizes="auto, (max-width: 1024px) 100vw, 1024px" /></figure>
</div>


<p>•<strong>1919&nbsp;Naissance à Marseille du Comité central de défense et d’intérêt des mutilés du travail.</strong><br>•<strong>1920&nbsp;Choix de la Fédération nationale des mutilés et invalide du travail (FNMIT) comme nom pour ce nouveau mouvement.</strong><br>•<strong>1921 Création de la FNATH dont le siège Social est à St Etienne </strong>(<em>Fédération des Mutilés du Travail</em>)<br>Le siège social est à St Etienne en référence aux grèves des mineurs. C&rsquo;est dans ces bassins industriels qu&rsquo;il y avait beaucoup d&rsquo;ouvriers, mais aussi beaucoup d&rsquo;accidentés.<br>•<strong>1921 Première majoration des rentes et pensions</strong><br>•<strong>1929 Loi de Majoration votée</strong><br>•<strong>1938 Réforme de la Loi de 1898 : la réparation est étendue à presque tous les salariés</strong><br>•<strong>1939 Forte revalorisation des rentes votée à l’unanimité par les députés (</strong><em>appliqué en 1942</em>)<br>•<strong>1945 Participation à la naissance de la Sécurité Sociale</strong><br>•<strong>1946 Nouvelle revalorisation des rentes</strong><br>•<strong>1949 Loi en faveur des invalides civiles : doublement des rentes accidents du travail</strong><br>•<strong>1954 Nouvelle Loi de revalorisation </strong>(<em>pension avec Taux lié à l’inflation</em>)<br>•<strong>1957 Loi reclassement Emploi Travailleurs Handicapés (</strong><em>revue en 1975, 2019 et 2022</em><strong>)</strong><br>•<strong>1972 Amélioration réparation salariés agricoles accidentés</strong><br>•<strong>1974 Indemnisation ayants droit de victimes d’accidents du travail mortels</strong><br>•<strong>1975 La loi d&rsquo;orientation des personnes handicapées</strong><br>•<strong>1981 Protection de l’emploi des accidentés du travail</strong><br>•<strong>1985 Loi Badinter : La loi sur l&rsquo;indemnisation des victimes de la route</strong><br>•<strong>1987 Loi sur l’obligation d’emploi des personnes handicapées</strong><br>•<strong>1993 L’indemnisation des maladies professionnelles est facilitée</strong><br>•<strong>1997&nbsp; Interdiction de l’Amiante</strong><br>•<strong>2000 Création du Fonds d’Indemnisation des Victimes de l’Amiante</strong><br>•<strong>2005 La FNATH est reconnue d’Utilité Publique</strong><br>•<strong>2005 Accessibilité : «&nbsp;loi handicap&nbsp;» MDPH Emploi + fond d’indemnisation</strong><br>•<strong>2005 Retraite anticipée pour les Personnes Handicapées</strong><br>•<strong>2005, 2009 et 2016&nbsp; : &nbsp; Définition du plan Santé-Travail</strong><br>•<strong>2010 Encadrement des dépassements d’honoraires</strong><br>•<strong>2010 Droits renforcés pour les malades</strong><br>•<strong>2010 Premiers pas de la réparation intégrale</strong><br>•<strong>2015 Stationnement gratuit pour les handicapés sans limite de durée (</strong>France et International<strong>)</strong><br>•<strong>2016 Accompagnement des victimes d’attentats</strong><br>•<strong>2018 Revalorisation AAH</strong><br><strong>2019 Reconnaissance des maladies liées aux Pesticides</strong></p>


<div class="wp-block-image">
<figure class="aligncenter size-full is-resized"><img loading="lazy" decoding="async" width="1024" height="355" src="https://www.fnath-montpellier.fr/wp-content/uploads/2024/03/image.png" alt="" class="wp-image-215" style="width:69px;height:auto" srcset="https://www.fnath-montpellier.fr/wp-content/uploads/2024/03/image.png 1024w, https://www.fnath-montpellier.fr/wp-content/uploads/2024/03/image-300x104.png 300w, https://www.fnath-montpellier.fr/wp-content/uploads/2024/03/image-768x266.png 768w" sizes="auto, (max-width: 1024px) 100vw, 1024px" /></figure>
</div>


<p><strong>En 2023</strong> son action revendicative son engagement au plan national ont contribué&nbsp;:<br>_ à la reconnaissance en maladie professionnelle par décret du 14 octobre 2023 des cancers du larynx et de l’ovaire causés par l’inhalation de poussières d’amiante<br>_ à la dé-conjugalisassions de l’allocation adulte handicapé qui est entrée en vigueur le 01 octobre 2023.<br><em>Cette réforme pour laquelle la FNATH s’est beaucoup battue change le mode de calcul pour les bénéficiaires qui sont en couple</em>.<br>_ à faire retirer l’article 39 du PLFSS (projet de loi de financement de la Sécurité Sociale) qui visait à modifier les règles d’indemnisation des victimes d’accidents du travail et de maladie professionnelles.<br>_ à ce qu’un décret rectificatif soit publié et aménage le plafond de revenus au-delà duquel la pension d’invalidité est réduite en cas de reprise ou de poursuite d’activité professionnelle en relevant à 1.5 fois le plafond annuel de la sécurité sociale contre 1 auparavant.</p>


<div class="wp-block-image">
<figure class="aligncenter size-large is-resized"><img loading="lazy" decoding="async" width="1024" height="355" src="https://www.fnath-montpellier.fr/wp-content/uploads/2024/03/picto-horizontal-1024x355.png" alt="" class="wp-image-151" style="width:345px;height:auto" srcset="https://www.fnath-montpellier.fr/wp-content/uploads/2024/03/picto-horizontal-1024x355.png 1024w, https://www.fnath-montpellier.fr/wp-content/uploads/2024/03/picto-horizontal-300x104.png 300w, https://www.fnath-montpellier.fr/wp-content/uploads/2024/03/picto-horizontal-768x266.png 768w, https://www.fnath-montpellier.fr/wp-content/uploads/2024/03/picto-horizontal-1536x532.png 1536w, https://www.fnath-montpellier.fr/wp-content/uploads/2024/03/picto-horizontal.png 2048w" sizes="auto, (max-width: 1024px) 100vw, 1024px" /></figure>
</div>

<p>1921 Naissance de la FNATH (Archives FNATH) Vidéo de l&rsquo;Histoire de la FNATH •La Fédération Nationale des Mutilés et Invalides</p>
