{"id":432,"date":"2024-04-21T14:53:46","date_gmt":"2024-04-21T12:53:46","guid":{"rendered":"https:\/\/www.fnath-montpellier.fr\/?page_id=432"},"modified":"2024-04-23T08:26:52","modified_gmt":"2024-04-23T06:26:52","slug":"les-pesticides-et-lexposition-professionnelle","status":"publish","type":"page","link":"https:\/\/www.fnath-montpellier.fr\/index.php\/les-pesticides-et-lexposition-professionnelle\/","title":{"rendered":"Les Pesticides et l&rsquo;exposition professionnelle"},"content":{"rendered":"\n<p class=\"has-medium-font-size\" style=\"line-height:1.3\"><strong>Un fond d&rsquo;indemnisation pour les victimes des Pesticides<\/strong><\/p>\n\n\n\n<p class=\"has-medium-font-size\" style=\"line-height:1.3\">Cr\u00e9\u00e9 en 2020 sous l&rsquo;impulsion des associations de victimes, ce fond de garantie et facilite l&rsquo;indemnisation forfaitaire des dommages subis par les victimes d&rsquo;une exposition professionnelle aux pesticides.<\/p>\n\n\n\n<p style=\"line-height:1.3\">En facilitant les d\u00e9marches de reconnaissances , il \u00e9vite aux victimes des proc\u00e9dures lourdes et on\u00e9reuses, et permet une indemnisation plus \u00e9quitable pour les exploitants agricoles.<\/p>\n\n\n\n<p style=\"line-height:1.3\">Le fond est financ\u00e9 pour partie par des contributions des r\u00e9gimes accidents du travail et maladies professionnelles et pour partie par une fraction de la taxe sur la vente des produits phytopharmaceutiques.<\/p>\n\n\n\n<p class=\"has-text-align-center has-medium-font-size\"><a href=\"https:\/\/www.youtube.com\/watch?v=TzBRwlGCgfE\" data-type=\"link\" data-id=\"https:\/\/www.youtube.com\/watch?v=TzBRwlGCgfE\"><strong>Vid\u00e9o YouTube de notre pr\u00e9sidente Nadine Herrero<\/strong><\/a><\/p>\n\n\n<div class=\"wp-block-image\">\n<figure class=\"aligncenter size-full is-resized\"><img loading=\"lazy\" decoding=\"async\" width=\"1024\" height=\"355\" src=\"https:\/\/www.fnath-montpellier.fr\/wp-content\/uploads\/2024\/03\/image.png\" alt=\"\" class=\"wp-image-215\" style=\"width:115px\" srcset=\"https:\/\/www.fnath-montpellier.fr\/wp-content\/uploads\/2024\/03\/image.png 1024w, https:\/\/www.fnath-montpellier.fr\/wp-content\/uploads\/2024\/03\/image-300x104.png 300w, https:\/\/www.fnath-montpellier.fr\/wp-content\/uploads\/2024\/03\/image-768x266.png 768w\" sizes=\"auto, (max-width: 1024px) 100vw, 1024px\" \/><\/figure>\n<\/div>\n\n\n<p class=\"has-white-color has-primary-background-color has-text-color has-background has-link-color has-medium-font-size wp-elements-8f05935da3a7fb14d1679cfae9159dd2\" style=\"line-height:1.3\"><strong>Les Pesticides sont des substances chimiques utilis\u00e9es pur lutter contre les organismes consid\u00e9r\u00e9s comme nuisibles. <\/strong><br>Ils recouvrent \u00e0 la fois les produits phytopharmaceutiques et les produits biocides (\u00e0 l&rsquo;usage non agricole \u00e0 l&rsquo;exclusion des produits antiparasitaires v\u00e9t\u00e9rinaires).<br>Les phytopharmaceutiques, appel\u00e9s aussi phytosanitaires, recouvrent les 3 principales cat\u00e9gories que sont :<br>_ les insecticides (destructions des animaux parasites comme les pucerons)<br>_ les fongicides (\u00e9liminations des maladies comme le mildiou , l&rsquo;o\u00efdium , tavelure ou feu bat\u00e9rien)<br>_ les herbicides (\u00e9limination des plantes nuisibles la production de la plantation en cours)<br><br><strong><em>Ils sont d\u00e9finis par un r\u00e8glement europ\u00e9en du 21 octobre 2009<\/em><\/strong><\/p>\n\n\n<div class=\"wp-block-image\">\n<figure class=\"aligncenter size-full is-resized\"><img loading=\"lazy\" decoding=\"async\" width=\"1024\" height=\"355\" src=\"https:\/\/www.fnath-montpellier.fr\/wp-content\/uploads\/2024\/03\/image.png\" alt=\"\" class=\"wp-image-215\" style=\"width:115px\" srcset=\"https:\/\/www.fnath-montpellier.fr\/wp-content\/uploads\/2024\/03\/image.png 1024w, https:\/\/www.fnath-montpellier.fr\/wp-content\/uploads\/2024\/03\/image-300x104.png 300w, https:\/\/www.fnath-montpellier.fr\/wp-content\/uploads\/2024\/03\/image-768x266.png 768w\" sizes=\"auto, (max-width: 1024px) 100vw, 1024px\" \/><\/figure>\n<\/div>\n\n\n<p class=\"has-medium-font-size\"><strong>Vous \u00eates concern\u00e9s par :<\/strong><\/p>\n\n\n\n<p class=\"has-tertiary-color has-text-color has-link-color has-medium-font-size wp-elements-514c365af261e1055a207dd25387bfb7\" style=\"line-height:1.3\"><strong>Salari\u00e9s, exploitants agricoles : <\/strong><\/p>\n\n\n\n<p class=\"has-link-color wp-elements-12948c5b54abf77454f0ff66df4fc9d9\" style=\"line-height:1.3\">Qu&rsquo;elle soit ou non inscrite dans un tableau de maladie professionnelle permettant une reconnaissance facilit\u00e9e, votre maladie peut donner lieu \u00e0 une reconnaissance si vous justifiez d&rsquo;une exposition aux produits pesticides ou phytosanitaires.<\/p>\n\n\n\n<div class=\"wp-block-media-text is-stacked-on-mobile\" style=\"grid-template-columns:31% auto\"><figure class=\"wp-block-media-text__media\"><img loading=\"lazy\" decoding=\"async\" width=\"500\" height=\"500\" src=\"https:\/\/www.fnath-montpellier.fr\/wp-content\/uploads\/2024\/04\/54284_43702_pesticide_danger.jpg\" alt=\"\" class=\"wp-image-436 size-full\" srcset=\"https:\/\/www.fnath-montpellier.fr\/wp-content\/uploads\/2024\/04\/54284_43702_pesticide_danger.jpg 500w, https:\/\/www.fnath-montpellier.fr\/wp-content\/uploads\/2024\/04\/54284_43702_pesticide_danger-300x300.jpg 300w, https:\/\/www.fnath-montpellier.fr\/wp-content\/uploads\/2024\/04\/54284_43702_pesticide_danger-150x150.jpg 150w\" sizes=\"auto, (max-width: 500px) 100vw, 500px\" \/><\/figure><div class=\"wp-block-media-text__content\">\n<ul class=\"wp-block-list\">\n<li style=\"line-height:1.3\">Maladie de Parkinson<\/li>\n\n\n\n<li style=\"line-height:1.3\">Lymphome non hodgkinien<\/li>\n\n\n\n<li style=\"line-height:1.3\">Leuc\u00e9mie lympho\u00efde chronique<\/li>\n\n\n\n<li style=\"line-height:1.3\">Bronchique chronique<\/li>\n\n\n\n<li style=\"line-height:1.3\">My\u00e9lome multiple<\/li>\n\n\n\n<li style=\"line-height:1.3\">Cancer de la prostate, cancer du poumon, cancer du foie\u2026<\/li>\n\n\n\n<li style=\"line-height:1.3\">Bronchopneumopathie chronique obstructive (BPCO)<\/li>\n\n\n\n<li style=\"line-height:1.3\">Troubles cognitifs , \u2026.etc&#8230;<\/li>\n<\/ul>\n<\/div><\/div>\n\n\n\n<p class=\"has-tertiary-color has-text-color has-link-color has-medium-font-size wp-elements-04644286d33e70039a130bfc0a3fcc26\"><strong>Les Enfants aussi :<\/strong><\/p>\n\n\n\n<p style=\"line-height:1.3\">La pathologie de l&rsquo;enfant inscrite ou non sur la liste reconnue par des experts m\u00e9dicaux.<br>A ce jour 5 pathologies sont identifi\u00e9es comme pouvant \u00eatre en lien avec les pesticides.<\/p>\n\n\n\n<div class=\"wp-block-media-text is-stacked-on-mobile\" style=\"grid-template-columns:29% auto\"><figure class=\"wp-block-media-text__media\"><img loading=\"lazy\" decoding=\"async\" width=\"255\" height=\"198\" src=\"https:\/\/www.fnath-montpellier.fr\/wp-content\/uploads\/2024\/04\/images.jpg\" alt=\"\" class=\"wp-image-443 size-full\"\/><\/figure><div class=\"wp-block-media-text__content\">\n<ul class=\"wp-block-list\">\n<li style=\"line-height:1.3\">Leuc\u00e9mie<\/li>\n\n\n\n<li style=\"line-height:1.3\">Tumeur c\u00e9r\u00e9brale<\/li>\n\n\n\n<li style=\"line-height:1.3\">Fente labio-palatine<\/li>\n\n\n\n<li style=\"line-height:1.3\">Hypospadias<\/li>\n\n\n\n<li style=\"line-height:1.3\">Troubles neurod\u00e9veloppementaux<\/li>\n\n\n\n<li style=\"line-height:1.3\">Autisme\u2026<\/li>\n<\/ul>\n<\/div><\/div>\n\n\n<div class=\"wp-block-image\">\n<figure class=\"aligncenter size-full is-resized\"><img loading=\"lazy\" decoding=\"async\" width=\"1024\" height=\"355\" src=\"https:\/\/www.fnath-montpellier.fr\/wp-content\/uploads\/2024\/03\/image.png\" alt=\"\" class=\"wp-image-215\" style=\"width:115px\" srcset=\"https:\/\/www.fnath-montpellier.fr\/wp-content\/uploads\/2024\/03\/image.png 1024w, https:\/\/www.fnath-montpellier.fr\/wp-content\/uploads\/2024\/03\/image-300x104.png 300w, https:\/\/www.fnath-montpellier.fr\/wp-content\/uploads\/2024\/03\/image-768x266.png 768w\" sizes=\"auto, (max-width: 1024px) 100vw, 1024px\" \/><\/figure>\n<\/div>\n\n\n<p class=\"has-background\" style=\"background:linear-gradient(135deg,rgb(252,185,0) 69%,rgb(255,105,0) 100%)\"><strong>Salari\u00e9s :<\/strong> Personnes relevant des r\u00e9gimes d&rsquo;assurance obligatoire contre les accidents du travail et les maladies professionnelles du r\u00e9gime g\u00e9n\u00e9ral (CPAM), y compris les assur\u00e9s g\u00e9r\u00e9s par les Caisses G\u00e9n\u00e9rales de S\u00e9curit\u00e9 Sociale (CGSS) ou du r\u00e9gime des salari\u00e9s des professions agricoles (MSA).<\/p>\n\n\n\n<p class=\"has-background\" style=\"background:linear-gradient(135deg,rgb(252,185,0) 69%,rgb(255,105,0) 100%)\"><strong>Non-salari\u00e9s agricoles : <\/strong>Personnes relevant du r\u00e9gime d&rsquo;assurance obligatoire contre les accidents du travail et des maladies professionnelles des non-salari\u00e9s des professions agricoles (MSA),  compris les assur\u00e9s g\u00e9r\u00e9s par les CGSS. <\/p>\n\n\n\n<p class=\"has-background\" style=\"background:linear-gradient(135deg,rgb(252,185,0) 69%,rgb(255,105,0) 100%);text-decoration:underline\"><em>Les anciens exploitants, b\u00e9n\u00e9ficiaires d&rsquo;une pension de retraite agricole, qui ont cess\u00e9 leur activit\u00e9 agricole avant le 1er avril 2002.<\/em><\/p>\n\n\n\n<p class=\"has-background\" style=\"background:linear-gradient(135deg,rgb(252,185,0) 69%,rgb(255,105,0) 100%)\"><strong>Les enfants expos\u00e9s in ut\u00e9ro : <\/strong>Les enfants expos\u00e9s pendant la p\u00e9riode pr\u00e9natale du fait de l&rsquo;exposition professionnelle de l&rsquo;un ou des deux parents, et qui a provoqu\u00e9 une pathologie, quel que soit le r\u00e9gime d&rsquo;affiliation du parents.<\/p>\n\n\n<div class=\"wp-block-image\">\n<figure class=\"aligncenter size-full is-resized\"><img loading=\"lazy\" decoding=\"async\" width=\"1024\" height=\"355\" src=\"https:\/\/www.fnath-montpellier.fr\/wp-content\/uploads\/2024\/03\/image.png\" alt=\"\" class=\"wp-image-215\" style=\"width:115px\" srcset=\"https:\/\/www.fnath-montpellier.fr\/wp-content\/uploads\/2024\/03\/image.png 1024w, https:\/\/www.fnath-montpellier.fr\/wp-content\/uploads\/2024\/03\/image-300x104.png 300w, https:\/\/www.fnath-montpellier.fr\/wp-content\/uploads\/2024\/03\/image-768x266.png 768w\" sizes=\"auto, (max-width: 1024px) 100vw, 1024px\" \/><\/figure>\n<\/div>\n\n\n<p class=\"has-text-align-center has-tertiary-color has-text-color has-link-color wp-elements-11d3d2040022c0099fc117929ec5c733\" style=\"font-size:25px;line-height:1.4\"><strong>La FNATH Association des Accident\u00e9s de la Vie, accompagne les victimes et leur famille dans les d\u00e9marches de reconnaissance et d&rsquo;indemnisation.<\/strong><\/p>\n\n\n<div class=\"wp-block-image\">\n<figure class=\"aligncenter size-full is-resized\"><img loading=\"lazy\" decoding=\"async\" width=\"1024\" height=\"355\" src=\"https:\/\/www.fnath-montpellier.fr\/wp-content\/uploads\/2024\/03\/image.png\" alt=\"\" class=\"wp-image-215\" style=\"width:375px\" srcset=\"https:\/\/www.fnath-montpellier.fr\/wp-content\/uploads\/2024\/03\/image.png 1024w, https:\/\/www.fnath-montpellier.fr\/wp-content\/uploads\/2024\/03\/image-300x104.png 300w, https:\/\/www.fnath-montpellier.fr\/wp-content\/uploads\/2024\/03\/image-768x266.png 768w\" sizes=\"auto, (max-width: 1024px) 100vw, 1024px\" \/><\/figure>\n<\/div>","protected":false},"excerpt":{"rendered":"<p>Un fond d&rsquo;indemnisation pour les victimes des Pesticides Cr\u00e9\u00e9 en 2020 sous l&rsquo;impulsion des associations de victimes, ce fond de<\/p>\n","protected":false},"author":1,"featured_media":0,"parent":0,"menu_order":0,"comment_status":"closed","ping_status":"closed","template":"","meta":{"footnotes":""},"class_list":["post-432","page","type-page","status-publish","hentry","comments-off"],"_links":{"self":[{"href":"https:\/\/www.fnath-montpellier.fr\/index.php\/wp-json\/wp\/v2\/pages\/432","targetHints":{"allow":["GET"]}}],"collection":[{"href":"https:\/\/www.fnath-montpellier.fr\/index.php\/wp-json\/wp\/v2\/pages"}],"about":[{"href":"https:\/\/www.fnath-montpellier.fr\/index.php\/wp-json\/wp\/v2\/types\/page"}],"author":[{"embeddable":true,"href":"https:\/\/www.fnath-montpellier.fr\/index.php\/wp-json\/wp\/v2\/users\/1"}],"replies":[{"embeddable":true,"href":"https:\/\/www.fnath-montpellier.fr\/index.php\/wp-json\/wp\/v2\/comments?post=432"}],"version-history":[{"count":23,"href":"https:\/\/www.fnath-montpellier.fr\/index.php\/wp-json\/wp\/v2\/pages\/432\/revisions"}],"predecessor-version":[{"id":468,"href":"https:\/\/www.fnath-montpellier.fr\/index.php\/wp-json\/wp\/v2\/pages\/432\/revisions\/468"}],"wp:attachment":[{"href":"https:\/\/www.fnath-montpellier.fr\/index.php\/wp-json\/wp\/v2\/media?parent=432"}],"curies":[{"name":"wp","href":"https:\/\/api.w.org\/{rel}","templated":true}]}}

<p class="has-medium-font-size" style="line-height:1.3"><strong>Un fond d&rsquo;indemnisation pour les victimes des Pesticides</strong></p>



<p class="has-medium-font-size" style="line-height:1.3">Créé en 2020 sous l&rsquo;impulsion des associations de victimes, ce fond de garantie et facilite l&rsquo;indemnisation forfaitaire des dommages subis par les victimes d&rsquo;une exposition professionnelle aux pesticides.</p>



<p style="line-height:1.3">En facilitant les démarches de reconnaissances , il évite aux victimes des procédures lourdes et onéreuses, et permet une indemnisation plus équitable pour les exploitants agricoles.</p>



<p style="line-height:1.3">Le fond est financé pour partie par des contributions des régimes accidents du travail et maladies professionnelles et pour partie par une fraction de la taxe sur la vente des produits phytopharmaceutiques.</p>



<p class="has-text-align-center has-medium-font-size"><a href="https://www.youtube.com/watch?v=TzBRwlGCgfE" data-type="link" data-id="https://www.youtube.com/watch?v=TzBRwlGCgfE"><strong>Vidéo YouTube de notre présidente Nadine Herrero</strong></a></p>


<div class="wp-block-image">
<figure class="aligncenter size-full is-resized"><img loading="lazy" decoding="async" width="1024" height="355" src="https://www.fnath-montpellier.fr/wp-content/uploads/2024/03/image.png" alt="" class="wp-image-215" style="width:115px" srcset="https://www.fnath-montpellier.fr/wp-content/uploads/2024/03/image.png 1024w, https://www.fnath-montpellier.fr/wp-content/uploads/2024/03/image-300x104.png 300w, https://www.fnath-montpellier.fr/wp-content/uploads/2024/03/image-768x266.png 768w" sizes="auto, (max-width: 1024px) 100vw, 1024px" /></figure>
</div>


<p class="has-white-color has-primary-background-color has-text-color has-background has-link-color has-medium-font-size wp-elements-8f05935da3a7fb14d1679cfae9159dd2" style="line-height:1.3"><strong>Les Pesticides sont des substances chimiques utilisées pur lutter contre les organismes considérés comme nuisibles. </strong><br>Ils recouvrent à la fois les produits phytopharmaceutiques et les produits biocides (à l&rsquo;usage non agricole à l&rsquo;exclusion des produits antiparasitaires vétérinaires).<br>Les phytopharmaceutiques, appelés aussi phytosanitaires, recouvrent les 3 principales catégories que sont :<br>_ les insecticides (destructions des animaux parasites comme les pucerons)<br>_ les fongicides (éliminations des maladies comme le mildiou , l&rsquo;oïdium , tavelure ou feu batérien)<br>_ les herbicides (élimination des plantes nuisibles la production de la plantation en cours)<br><br><strong><em>Ils sont définis par un règlement européen du 21 octobre 2009</em></strong></p>


<div class="wp-block-image">
<figure class="aligncenter size-full is-resized"><img loading="lazy" decoding="async" width="1024" height="355" src="https://www.fnath-montpellier.fr/wp-content/uploads/2024/03/image.png" alt="" class="wp-image-215" style="width:115px" srcset="https://www.fnath-montpellier.fr/wp-content/uploads/2024/03/image.png 1024w, https://www.fnath-montpellier.fr/wp-content/uploads/2024/03/image-300x104.png 300w, https://www.fnath-montpellier.fr/wp-content/uploads/2024/03/image-768x266.png 768w" sizes="auto, (max-width: 1024px) 100vw, 1024px" /></figure>
</div>


<p class="has-medium-font-size"><strong>Vous êtes concernés par :</strong></p>



<p class="has-tertiary-color has-text-color has-link-color has-medium-font-size wp-elements-514c365af261e1055a207dd25387bfb7" style="line-height:1.3"><strong>Salariés, exploitants agricoles : </strong></p>



<p class="has-link-color wp-elements-12948c5b54abf77454f0ff66df4fc9d9" style="line-height:1.3">Qu&rsquo;elle soit ou non inscrite dans un tableau de maladie professionnelle permettant une reconnaissance facilitée, votre maladie peut donner lieu à une reconnaissance si vous justifiez d&rsquo;une exposition aux produits pesticides ou phytosanitaires.</p>



<div class="wp-block-media-text is-stacked-on-mobile" style="grid-template-columns:31% auto"><figure class="wp-block-media-text__media"><img loading="lazy" decoding="async" width="500" height="500" src="https://www.fnath-montpellier.fr/wp-content/uploads/2024/04/54284_43702_pesticide_danger.jpg" alt="" class="wp-image-436 size-full" srcset="https://www.fnath-montpellier.fr/wp-content/uploads/2024/04/54284_43702_pesticide_danger.jpg 500w, https://www.fnath-montpellier.fr/wp-content/uploads/2024/04/54284_43702_pesticide_danger-300x300.jpg 300w, https://www.fnath-montpellier.fr/wp-content/uploads/2024/04/54284_43702_pesticide_danger-150x150.jpg 150w" sizes="auto, (max-width: 500px) 100vw, 500px" /></figure><div class="wp-block-media-text__content">
<ul class="wp-block-list">
<li style="line-height:1.3">Maladie de Parkinson</li>



<li style="line-height:1.3">Lymphome non hodgkinien</li>



<li style="line-height:1.3">Leucémie lymphoïde chronique</li>



<li style="line-height:1.3">Bronchique chronique</li>



<li style="line-height:1.3">Myélome multiple</li>



<li style="line-height:1.3">Cancer de la prostate, cancer du poumon, cancer du foie…</li>



<li style="line-height:1.3">Bronchopneumopathie chronique obstructive (BPCO)</li>



<li style="line-height:1.3">Troubles cognitifs , ….etc&#8230;</li>
</ul>
</div></div>



<p class="has-tertiary-color has-text-color has-link-color has-medium-font-size wp-elements-04644286d33e70039a130bfc0a3fcc26"><strong>Les Enfants aussi :</strong></p>



<p style="line-height:1.3">La pathologie de l&rsquo;enfant inscrite ou non sur la liste reconnue par des experts médicaux.<br>A ce jour 5 pathologies sont identifiées comme pouvant être en lien avec les pesticides.</p>



<div class="wp-block-media-text is-stacked-on-mobile" style="grid-template-columns:29% auto"><figure class="wp-block-media-text__media"><img loading="lazy" decoding="async" width="255" height="198" src="https://www.fnath-montpellier.fr/wp-content/uploads/2024/04/images.jpg" alt="" class="wp-image-443 size-full"/></figure><div class="wp-block-media-text__content">
<ul class="wp-block-list">
<li style="line-height:1.3">Leucémie</li>



<li style="line-height:1.3">Tumeur cérébrale</li>



<li style="line-height:1.3">Fente labio-palatine</li>



<li style="line-height:1.3">Hypospadias</li>



<li style="line-height:1.3">Troubles neurodéveloppementaux</li>



<li style="line-height:1.3">Autisme…</li>
</ul>
</div></div>


<div class="wp-block-image">
<figure class="aligncenter size-full is-resized"><img loading="lazy" decoding="async" width="1024" height="355" src="https://www.fnath-montpellier.fr/wp-content/uploads/2024/03/image.png" alt="" class="wp-image-215" style="width:115px" srcset="https://www.fnath-montpellier.fr/wp-content/uploads/2024/03/image.png 1024w, https://www.fnath-montpellier.fr/wp-content/uploads/2024/03/image-300x104.png 300w, https://www.fnath-montpellier.fr/wp-content/uploads/2024/03/image-768x266.png 768w" sizes="auto, (max-width: 1024px) 100vw, 1024px" /></figure>
</div>


<p class="has-background" style="background:linear-gradient(135deg,rgb(252,185,0) 69%,rgb(255,105,0) 100%)"><strong>Salariés :</strong> Personnes relevant des régimes d&rsquo;assurance obligatoire contre les accidents du travail et les maladies professionnelles du régime général (CPAM), y compris les assurés gérés par les Caisses Générales de Sécurité Sociale (CGSS) ou du régime des salariés des professions agricoles (MSA).</p>



<p class="has-background" style="background:linear-gradient(135deg,rgb(252,185,0) 69%,rgb(255,105,0) 100%)"><strong>Non-salariés agricoles : </strong>Personnes relevant du régime d&rsquo;assurance obligatoire contre les accidents du travail et des maladies professionnelles des non-salariés des professions agricoles (MSA),  compris les assurés gérés par les CGSS. </p>



<p class="has-background" style="background:linear-gradient(135deg,rgb(252,185,0) 69%,rgb(255,105,0) 100%);text-decoration:underline"><em>Les anciens exploitants, bénéficiaires d&rsquo;une pension de retraite agricole, qui ont cessé leur activité agricole avant le 1er avril 2002.</em></p>



<p class="has-background" style="background:linear-gradient(135deg,rgb(252,185,0) 69%,rgb(255,105,0) 100%)"><strong>Les enfants exposés in utéro : </strong>Les enfants exposés pendant la période prénatale du fait de l&rsquo;exposition professionnelle de l&rsquo;un ou des deux parents, et qui a provoqué une pathologie, quel que soit le régime d&rsquo;affiliation du parents.</p>


<div class="wp-block-image">
<figure class="aligncenter size-full is-resized"><img loading="lazy" decoding="async" width="1024" height="355" src="https://www.fnath-montpellier.fr/wp-content/uploads/2024/03/image.png" alt="" class="wp-image-215" style="width:115px" srcset="https://www.fnath-montpellier.fr/wp-content/uploads/2024/03/image.png 1024w, https://www.fnath-montpellier.fr/wp-content/uploads/2024/03/image-300x104.png 300w, https://www.fnath-montpellier.fr/wp-content/uploads/2024/03/image-768x266.png 768w" sizes="auto, (max-width: 1024px) 100vw, 1024px" /></figure>
</div>


<p class="has-text-align-center has-tertiary-color has-text-color has-link-color wp-elements-11d3d2040022c0099fc117929ec5c733" style="font-size:25px;line-height:1.4"><strong>La FNATH Association des Accidentés de la Vie, accompagne les victimes et leur famille dans les démarches de reconnaissance et d&rsquo;indemnisation.</strong></p>


<div class="wp-block-image">
<figure class="aligncenter size-full is-resized"><img loading="lazy" decoding="async" width="1024" height="355" src="https://www.fnath-montpellier.fr/wp-content/uploads/2024/03/image.png" alt="" class="wp-image-215" style="width:375px" srcset="https://www.fnath-montpellier.fr/wp-content/uploads/2024/03/image.png 1024w, https://www.fnath-montpellier.fr/wp-content/uploads/2024/03/image-300x104.png 300w, https://www.fnath-montpellier.fr/wp-content/uploads/2024/03/image-768x266.png 768w" sizes="auto, (max-width: 1024px) 100vw, 1024px" /></figure>
</div>

<p>Un fond d&rsquo;indemnisation pour les victimes des Pesticides Créé en 2020 sous l&rsquo;impulsion des associations de victimes, ce fond de</p>
