{"id":551,"date":"2024-05-13T16:04:58","date_gmt":"2024-05-13T14:04:58","guid":{"rendered":"https:\/\/www.fnath-montpellier.fr\/?page_id=551"},"modified":"2024-05-16T11:46:24","modified_gmt":"2024-05-16T09:46:24","slug":"les-maladies-professionnelles","status":"publish","type":"page","link":"https:\/\/www.fnath-montpellier.fr\/index.php\/les-maladies-professionnelles\/","title":{"rendered":"Les Maladies Professionnelles"},"content":{"rendered":"\n<p>Pour \u00eatre reconnue, la maladie professionnelle doit \u00eatre inscrite dans un tableau; \u00e0 d\u00e9faut, elle peut l&rsquo;\u00eatre sous certaines conditions par le Comit\u00e9 R\u00e9gional de Reconnaissance des Maladies Professionnelles (CRRMP).<\/p>\n\n\n\n<div class=\"wp-block-group is-vertical is-layout-flex wp-container-core-group-is-layout-8cf370e7 wp-block-group-is-layout-flex\">\n<p class=\"has-tertiary-color has-text-color has-link-color has-medium-font-size wp-elements-3874cc8b6e181b2a1d5601e44f96fbaa\"><strong>Les Tableaux de Maladie Professionnelles<\/strong><\/p>\n\n\n\n<ul class=\"wp-block-list\">\n<li style=\"line-height:1.3\">Ils d\u00e9finissent les conditions que vous devez remplir pour que le caract\u00e8re professionnel de votre maladie soit reconnu.<\/li>\n\n\n\n<li style=\"line-height:1.3\">Si vous remplissez toutes les conditions, le caract\u00e8re professionnel de votre maladie sera reconnu.<\/li>\n\n\n\n<li style=\"line-height:1.3\">Si vous ne remplissez pas les conditions fix\u00e9es par un tableau, vous devez prouver que votre maladie a \u00e9t\u00e9 caus\u00e9e par votre travail : <strong>c&rsquo;est le CRRMP qui est comp\u00e9tent<\/strong>.<\/li>\n<\/ul>\n<\/div>\n\n\n<div class=\"wp-block-image\">\n<figure class=\"aligncenter size-full is-resized\"><img loading=\"lazy\" decoding=\"async\" width=\"1024\" height=\"355\" src=\"https:\/\/www.fnath-montpellier.fr\/wp-content\/uploads\/2024\/03\/image.png\" alt=\"\" class=\"wp-image-215\" style=\"width:115px\" srcset=\"https:\/\/www.fnath-montpellier.fr\/wp-content\/uploads\/2024\/03\/image.png 1024w, https:\/\/www.fnath-montpellier.fr\/wp-content\/uploads\/2024\/03\/image-300x104.png 300w, https:\/\/www.fnath-montpellier.fr\/wp-content\/uploads\/2024\/03\/image-768x266.png 768w\" sizes=\"auto, (max-width: 1024px) 100vw, 1024px\" \/><\/figure>\n<\/div>\n\n\n<p class=\"has-tertiary-color has-text-color has-link-color has-medium-font-size wp-elements-36ccf39fb6eb19cae80e636f31dddded\"><strong>Pour les maladies non r\u00e9pertori\u00e9es dans un tableau.<\/strong><\/p>\n\n\n\n<p><strong>La reconnaissance n&rsquo;est possible que si vous pr\u00e9sentez une incapacit\u00e9 permanente au moins \u00e9gale \u00e0 25%, et sous certaines conditions.<\/strong><\/p>\n\n\n<div class=\"wp-block-image\">\n<figure class=\"aligncenter size-full is-resized\"><img loading=\"lazy\" decoding=\"async\" width=\"1024\" height=\"355\" src=\"https:\/\/www.fnath-montpellier.fr\/wp-content\/uploads\/2024\/03\/image.png\" alt=\"\" class=\"wp-image-215\" style=\"width:115px\" srcset=\"https:\/\/www.fnath-montpellier.fr\/wp-content\/uploads\/2024\/03\/image.png 1024w, https:\/\/www.fnath-montpellier.fr\/wp-content\/uploads\/2024\/03\/image-300x104.png 300w, https:\/\/www.fnath-montpellier.fr\/wp-content\/uploads\/2024\/03\/image-768x266.png 768w\" sizes=\"auto, (max-width: 1024px) 100vw, 1024px\" \/><\/figure>\n<\/div>\n\n\n<p class=\"has-text-align-center has-white-color has-primary-background-color has-text-color has-background has-link-color has-medium-font-size wp-elements-63637f4c4f226c23cf88118b7f7ac530\"><strong>ATTENTION<br>C&rsquo;est \u00e0 vous qu&rsquo;il revient de d\u00e9clarer votre maladie professionnelle \u00e0 la caisse, <\/strong><br><strong>dans des d\u00e9lais pr\u00e9cis.<\/strong><\/p>\n\n\n<div class=\"wp-block-image\">\n<figure class=\"aligncenter size-full is-resized\"><img loading=\"lazy\" decoding=\"async\" width=\"1024\" height=\"355\" src=\"https:\/\/www.fnath-montpellier.fr\/wp-content\/uploads\/2024\/03\/image.png\" alt=\"\" class=\"wp-image-215\" style=\"width:115px\" srcset=\"https:\/\/www.fnath-montpellier.fr\/wp-content\/uploads\/2024\/03\/image.png 1024w, https:\/\/www.fnath-montpellier.fr\/wp-content\/uploads\/2024\/03\/image-300x104.png 300w, https:\/\/www.fnath-montpellier.fr\/wp-content\/uploads\/2024\/03\/image-768x266.png 768w\" sizes=\"auto, (max-width: 1024px) 100vw, 1024px\" \/><\/figure>\n<\/div>\n\n\n<div class=\"wp-block-group is-vertical is-layout-flex wp-container-core-group-is-layout-8cf370e7 wp-block-group-is-layout-flex\">\n<p class=\"has-tertiary-color has-text-color has-link-color has-medium-font-size wp-elements-8d992ce5e1327edbee4bf9c5e6098dfc\"><strong>Quelle indemnisation ?<\/strong><\/p>\n\n\n\n<div class=\"wp-block-group is-vertical is-layout-flex wp-container-core-group-is-layout-8cf370e7 wp-block-group-is-layout-flex\">\n<p style=\"line-height:1.3\">Si le caract\u00e8re professionnel de votre maladie est reconnu, vous pourrez b\u00e9n\u00e9ficier d&rsquo;indemnit\u00e9s journali\u00e8res en cas d&rsquo;arr\u00eat de travail et , sous certaines conditions, d&rsquo;une prise en charge des frais de soins et de transports.<\/p>\n\n\n\n<p style=\"line-height:1.3\">Une rente (ou dans certains cas un capital) vous sera attribu\u00e9e d\u00e8s lors qu&rsquo;une incapacit\u00e9 permanente a \u00e9t\u00e9 reconnue apr\u00e8s consolidation.<\/p>\n\n\n\n<p class=\"has-text-align-center has-background\" style=\"background:linear-gradient(135deg,rgb(254,205,165) 100%,rgb(254,45,45) 100%,rgb(107,0,62) 100%)\"><strong>Sous certaines conditions, les membres de la famille peuvent \u00eatre indemnis\u00e9s <\/strong><strong>m\u00eame apr\u00e8s le d\u00e9c\u00e8s de la personne malade.<\/strong><\/p>\n<\/div>\n<\/div>\n\n\n<div class=\"wp-block-image\">\n<figure class=\"aligncenter size-full is-resized\"><img loading=\"lazy\" decoding=\"async\" width=\"1024\" height=\"355\" src=\"https:\/\/www.fnath-montpellier.fr\/wp-content\/uploads\/2024\/03\/image.png\" alt=\"\" class=\"wp-image-215\" style=\"width:115px\" srcset=\"https:\/\/www.fnath-montpellier.fr\/wp-content\/uploads\/2024\/03\/image.png 1024w, https:\/\/www.fnath-montpellier.fr\/wp-content\/uploads\/2024\/03\/image-300x104.png 300w, https:\/\/www.fnath-montpellier.fr\/wp-content\/uploads\/2024\/03\/image-768x266.png 768w\" sizes=\"auto, (max-width: 1024px) 100vw, 1024px\" \/><\/figure>\n<\/div>\n\n\n<p class=\"has-text-align-center has-background\" style=\"background:linear-gradient(135deg,rgb(254,205,165) 100%,rgb(254,45,45) 100%,rgb(107,0,62) 100%)\"><strong>L&rsquo;action en faute inexcusable <\/strong><br>Elle permet de d\u00e9montrer que l&#8217;employeur a commis une faute, d&rsquo;obtenir une majoration de votre indemnisation ainsi que la r\u00e9paration de pr\u00e9judice suppl\u00e9mentaires.<\/p>\n\n\n<div class=\"wp-block-image\">\n<figure class=\"aligncenter size-full is-resized\"><img loading=\"lazy\" decoding=\"async\" width=\"1024\" height=\"355\" src=\"https:\/\/www.fnath-montpellier.fr\/wp-content\/uploads\/2024\/03\/image.png\" alt=\"\" class=\"wp-image-215\" style=\"width:115px\" srcset=\"https:\/\/www.fnath-montpellier.fr\/wp-content\/uploads\/2024\/03\/image.png 1024w, https:\/\/www.fnath-montpellier.fr\/wp-content\/uploads\/2024\/03\/image-300x104.png 300w, https:\/\/www.fnath-montpellier.fr\/wp-content\/uploads\/2024\/03\/image-768x266.png 768w\" sizes=\"auto, (max-width: 1024px) 100vw, 1024px\" \/><\/figure>\n<\/div>\n\n\n<div class=\"wp-block-group is-vertical is-layout-flex wp-container-core-group-is-layout-8cf370e7 wp-block-group-is-layout-flex\">\n<p class=\"has-tertiary-color has-text-color has-link-color has-medium-font-size wp-elements-634a5c92904977c105876e8bc8914988\"><strong>A noter<\/strong><\/p>\n\n\n\n<ul class=\"wp-block-list\">\n<li style=\"line-height:1.3\">Qu&rsquo;il s&rsquo;agisse de la reconnaissance du caract\u00e8re professionnel de votre maladie, de la fixation de votre taux d&rsquo;incapacit\u00e9, du montant de votre rente, la Caisse doit vous adresser une d\u00e9cision qui peut, sous certaines conditions, \u00eatre contest\u00e9e devant le tribunal.<\/li>\n\n\n\n<li style=\"line-height:1.3\">Votre maladie professionnelle, si votre \u00e9tat les permet, ne doit pas vous emp\u00eacher de reprendre votre travail, y compris en recherchant des am\u00e9nagements de poste avec l&#8217;employeur et le m\u00e9decin du travail.<\/li>\n<\/ul>\n<\/div>\n\n\n<div class=\"wp-block-image\">\n<figure class=\"aligncenter size-full is-resized\"><img loading=\"lazy\" decoding=\"async\" width=\"1024\" height=\"355\" src=\"https:\/\/www.fnath-montpellier.fr\/wp-content\/uploads\/2024\/03\/image.png\" alt=\"\" class=\"wp-image-215\" style=\"width:115px\" srcset=\"https:\/\/www.fnath-montpellier.fr\/wp-content\/uploads\/2024\/03\/image.png 1024w, https:\/\/www.fnath-montpellier.fr\/wp-content\/uploads\/2024\/03\/image-300x104.png 300w, https:\/\/www.fnath-montpellier.fr\/wp-content\/uploads\/2024\/03\/image-768x266.png 768w\" sizes=\"auto, (max-width: 1024px) 100vw, 1024px\" \/><\/figure>\n<\/div>\n\n\n<p class=\"has-text-align-left has-white-color has-primary-background-color has-text-color has-background has-link-color wp-elements-c948300c47a38b84da820606719e7dae\" style=\"font-size:22px\"><strong>Une sous-d\u00e9claration massive<\/strong><br>Par rapport aux estimations scientifiques, trop peu de maladies professionnelles sont effectivement d\u00e9clar\u00e9es et reconnues.<br><strong>N&rsquo;h\u00e9sitez pas \u00e0 en parler \u00e0 votre m\u00e9decin traitant et \u00e0 vous adresser \u00e0 la FNATH qui vous aidera dans vos d\u00e9marches<\/strong><\/p>\n\n\n<div class=\"wp-block-image\">\n<figure class=\"aligncenter size-full is-resized\"><img loading=\"lazy\" decoding=\"async\" width=\"1024\" height=\"355\" src=\"https:\/\/www.fnath-montpellier.fr\/wp-content\/uploads\/2024\/03\/image.png\" alt=\"\" class=\"wp-image-215\" style=\"width:375px\" srcset=\"https:\/\/www.fnath-montpellier.fr\/wp-content\/uploads\/2024\/03\/image.png 1024w, https:\/\/www.fnath-montpellier.fr\/wp-content\/uploads\/2024\/03\/image-300x104.png 300w, https:\/\/www.fnath-montpellier.fr\/wp-content\/uploads\/2024\/03\/image-768x266.png 768w\" sizes=\"auto, (max-width: 1024px) 100vw, 1024px\" \/><\/figure>\n<\/div>","protected":false},"excerpt":{"rendered":"<p>Pour \u00eatre reconnue, la maladie professionnelle doit \u00eatre inscrite dans un tableau; \u00e0 d\u00e9faut, elle peut l&rsquo;\u00eatre sous certaines conditions<\/p>\n","protected":false},"author":1,"featured_media":0,"parent":0,"menu_order":0,"comment_status":"closed","ping_status":"closed","template":"","meta":{"footnotes":""},"class_list":["post-551","page","type-page","status-publish","hentry","comments-off"],"_links":{"self":[{"href":"https:\/\/www.fnath-montpellier.fr\/index.php\/wp-json\/wp\/v2\/pages\/551","targetHints":{"allow":["GET"]}}],"collection":[{"href":"https:\/\/www.fnath-montpellier.fr\/index.php\/wp-json\/wp\/v2\/pages"}],"about":[{"href":"https:\/\/www.fnath-montpellier.fr\/index.php\/wp-json\/wp\/v2\/types\/page"}],"author":[{"embeddable":true,"href":"https:\/\/www.fnath-montpellier.fr\/index.php\/wp-json\/wp\/v2\/users\/1"}],"replies":[{"embeddable":true,"href":"https:\/\/www.fnath-montpellier.fr\/index.php\/wp-json\/wp\/v2\/comments?post=551"}],"version-history":[{"count":4,"href":"https:\/\/www.fnath-montpellier.fr\/index.php\/wp-json\/wp\/v2\/pages\/551\/revisions"}],"predecessor-version":[{"id":581,"href":"https:\/\/www.fnath-montpellier.fr\/index.php\/wp-json\/wp\/v2\/pages\/551\/revisions\/581"}],"wp:attachment":[{"href":"https:\/\/www.fnath-montpellier.fr\/index.php\/wp-json\/wp\/v2\/media?parent=551"}],"curies":[{"name":"wp","href":"https:\/\/api.w.org\/{rel}","templated":true}]}}

<p>Pour être reconnue, la maladie professionnelle doit être inscrite dans un tableau; à défaut, elle peut l&rsquo;être sous certaines conditions par le Comité Régional de Reconnaissance des Maladies Professionnelles (CRRMP).</p>



<div class="wp-block-group is-vertical is-layout-flex wp-container-core-group-is-layout-8cf370e7 wp-block-group-is-layout-flex">
<p class="has-tertiary-color has-text-color has-link-color has-medium-font-size wp-elements-3874cc8b6e181b2a1d5601e44f96fbaa"><strong>Les Tableaux de Maladie Professionnelles</strong></p>



<ul class="wp-block-list">
<li style="line-height:1.3">Ils définissent les conditions que vous devez remplir pour que le caractère professionnel de votre maladie soit reconnu.</li>



<li style="line-height:1.3">Si vous remplissez toutes les conditions, le caractère professionnel de votre maladie sera reconnu.</li>



<li style="line-height:1.3">Si vous ne remplissez pas les conditions fixées par un tableau, vous devez prouver que votre maladie a été causée par votre travail : <strong>c&rsquo;est le CRRMP qui est compétent</strong>.</li>
</ul>
</div>


<div class="wp-block-image">
<figure class="aligncenter size-full is-resized"><img loading="lazy" decoding="async" width="1024" height="355" src="https://www.fnath-montpellier.fr/wp-content/uploads/2024/03/image.png" alt="" class="wp-image-215" style="width:115px" srcset="https://www.fnath-montpellier.fr/wp-content/uploads/2024/03/image.png 1024w, https://www.fnath-montpellier.fr/wp-content/uploads/2024/03/image-300x104.png 300w, https://www.fnath-montpellier.fr/wp-content/uploads/2024/03/image-768x266.png 768w" sizes="auto, (max-width: 1024px) 100vw, 1024px" /></figure>
</div>


<p class="has-tertiary-color has-text-color has-link-color has-medium-font-size wp-elements-36ccf39fb6eb19cae80e636f31dddded"><strong>Pour les maladies non répertoriées dans un tableau.</strong></p>



<p><strong>La reconnaissance n&rsquo;est possible que si vous présentez une incapacité permanente au moins égale à 25%, et sous certaines conditions.</strong></p>


<div class="wp-block-image">
<figure class="aligncenter size-full is-resized"><img loading="lazy" decoding="async" width="1024" height="355" src="https://www.fnath-montpellier.fr/wp-content/uploads/2024/03/image.png" alt="" class="wp-image-215" style="width:115px" srcset="https://www.fnath-montpellier.fr/wp-content/uploads/2024/03/image.png 1024w, https://www.fnath-montpellier.fr/wp-content/uploads/2024/03/image-300x104.png 300w, https://www.fnath-montpellier.fr/wp-content/uploads/2024/03/image-768x266.png 768w" sizes="auto, (max-width: 1024px) 100vw, 1024px" /></figure>
</div>


<p class="has-text-align-center has-white-color has-primary-background-color has-text-color has-background has-link-color has-medium-font-size wp-elements-63637f4c4f226c23cf88118b7f7ac530"><strong>ATTENTION<br>C&rsquo;est à vous qu&rsquo;il revient de déclarer votre maladie professionnelle à la caisse, </strong><br><strong>dans des délais précis.</strong></p>


<div class="wp-block-image">
<figure class="aligncenter size-full is-resized"><img loading="lazy" decoding="async" width="1024" height="355" src="https://www.fnath-montpellier.fr/wp-content/uploads/2024/03/image.png" alt="" class="wp-image-215" style="width:115px" srcset="https://www.fnath-montpellier.fr/wp-content/uploads/2024/03/image.png 1024w, https://www.fnath-montpellier.fr/wp-content/uploads/2024/03/image-300x104.png 300w, https://www.fnath-montpellier.fr/wp-content/uploads/2024/03/image-768x266.png 768w" sizes="auto, (max-width: 1024px) 100vw, 1024px" /></figure>
</div>


<div class="wp-block-group is-vertical is-layout-flex wp-container-core-group-is-layout-8cf370e7 wp-block-group-is-layout-flex">
<p class="has-tertiary-color has-text-color has-link-color has-medium-font-size wp-elements-8d992ce5e1327edbee4bf9c5e6098dfc"><strong>Quelle indemnisation ?</strong></p>



<div class="wp-block-group is-vertical is-layout-flex wp-container-core-group-is-layout-8cf370e7 wp-block-group-is-layout-flex">
<p style="line-height:1.3">Si le caractère professionnel de votre maladie est reconnu, vous pourrez bénéficier d&rsquo;indemnités journalières en cas d&rsquo;arrêt de travail et , sous certaines conditions, d&rsquo;une prise en charge des frais de soins et de transports.</p>



<p style="line-height:1.3">Une rente (ou dans certains cas un capital) vous sera attribuée dès lors qu&rsquo;une incapacité permanente a été reconnue après consolidation.</p>



<p class="has-text-align-center has-background" style="background:linear-gradient(135deg,rgb(254,205,165) 100%,rgb(254,45,45) 100%,rgb(107,0,62) 100%)"><strong>Sous certaines conditions, les membres de la famille peuvent être indemnisés </strong><strong>même après le décès de la personne malade.</strong></p>
</div>
</div>


<div class="wp-block-image">
<figure class="aligncenter size-full is-resized"><img loading="lazy" decoding="async" width="1024" height="355" src="https://www.fnath-montpellier.fr/wp-content/uploads/2024/03/image.png" alt="" class="wp-image-215" style="width:115px" srcset="https://www.fnath-montpellier.fr/wp-content/uploads/2024/03/image.png 1024w, https://www.fnath-montpellier.fr/wp-content/uploads/2024/03/image-300x104.png 300w, https://www.fnath-montpellier.fr/wp-content/uploads/2024/03/image-768x266.png 768w" sizes="auto, (max-width: 1024px) 100vw, 1024px" /></figure>
</div>


<p class="has-text-align-center has-background" style="background:linear-gradient(135deg,rgb(254,205,165) 100%,rgb(254,45,45) 100%,rgb(107,0,62) 100%)"><strong>L&rsquo;action en faute inexcusable </strong><br>Elle permet de démontrer que l&#8217;employeur a commis une faute, d&rsquo;obtenir une majoration de votre indemnisation ainsi que la réparation de préjudice supplémentaires.</p>


<div class="wp-block-image">
<figure class="aligncenter size-full is-resized"><img loading="lazy" decoding="async" width="1024" height="355" src="https://www.fnath-montpellier.fr/wp-content/uploads/2024/03/image.png" alt="" class="wp-image-215" style="width:115px" srcset="https://www.fnath-montpellier.fr/wp-content/uploads/2024/03/image.png 1024w, https://www.fnath-montpellier.fr/wp-content/uploads/2024/03/image-300x104.png 300w, https://www.fnath-montpellier.fr/wp-content/uploads/2024/03/image-768x266.png 768w" sizes="auto, (max-width: 1024px) 100vw, 1024px" /></figure>
</div>


<div class="wp-block-group is-vertical is-layout-flex wp-container-core-group-is-layout-8cf370e7 wp-block-group-is-layout-flex">
<p class="has-tertiary-color has-text-color has-link-color has-medium-font-size wp-elements-634a5c92904977c105876e8bc8914988"><strong>A noter</strong></p>



<ul class="wp-block-list">
<li style="line-height:1.3">Qu&rsquo;il s&rsquo;agisse de la reconnaissance du caractère professionnel de votre maladie, de la fixation de votre taux d&rsquo;incapacité, du montant de votre rente, la Caisse doit vous adresser une décision qui peut, sous certaines conditions, être contestée devant le tribunal.</li>



<li style="line-height:1.3">Votre maladie professionnelle, si votre état les permet, ne doit pas vous empêcher de reprendre votre travail, y compris en recherchant des aménagements de poste avec l&#8217;employeur et le médecin du travail.</li>
</ul>
</div>


<div class="wp-block-image">
<figure class="aligncenter size-full is-resized"><img loading="lazy" decoding="async" width="1024" height="355" src="https://www.fnath-montpellier.fr/wp-content/uploads/2024/03/image.png" alt="" class="wp-image-215" style="width:115px" srcset="https://www.fnath-montpellier.fr/wp-content/uploads/2024/03/image.png 1024w, https://www.fnath-montpellier.fr/wp-content/uploads/2024/03/image-300x104.png 300w, https://www.fnath-montpellier.fr/wp-content/uploads/2024/03/image-768x266.png 768w" sizes="auto, (max-width: 1024px) 100vw, 1024px" /></figure>
</div>


<p class="has-text-align-left has-white-color has-primary-background-color has-text-color has-background has-link-color wp-elements-c948300c47a38b84da820606719e7dae" style="font-size:22px"><strong>Une sous-déclaration massive</strong><br>Par rapport aux estimations scientifiques, trop peu de maladies professionnelles sont effectivement déclarées et reconnues.<br><strong>N&rsquo;hésitez pas à en parler à votre médecin traitant et à vous adresser à la FNATH qui vous aidera dans vos démarches</strong></p>


<div class="wp-block-image">
<figure class="aligncenter size-full is-resized"><img loading="lazy" decoding="async" width="1024" height="355" src="https://www.fnath-montpellier.fr/wp-content/uploads/2024/03/image.png" alt="" class="wp-image-215" style="width:375px" srcset="https://www.fnath-montpellier.fr/wp-content/uploads/2024/03/image.png 1024w, https://www.fnath-montpellier.fr/wp-content/uploads/2024/03/image-300x104.png 300w, https://www.fnath-montpellier.fr/wp-content/uploads/2024/03/image-768x266.png 768w" sizes="auto, (max-width: 1024px) 100vw, 1024px" /></figure>
</div>

<p>Pour être reconnue, la maladie professionnelle doit être inscrite dans un tableau; à défaut, elle peut l&rsquo;être sous certaines conditions</p>
