{"id":553,"date":"2024-05-13T16:04:43","date_gmt":"2024-05-13T14:04:43","guid":{"rendered":"https:\/\/www.fnath-montpellier.fr\/?page_id=553"},"modified":"2024-05-16T11:09:08","modified_gmt":"2024-05-16T09:09:08","slug":"les-maladies-liees-a-lamiante","status":"publish","type":"page","link":"https:\/\/www.fnath-montpellier.fr\/index.php\/les-maladies-liees-a-lamiante\/","title":{"rendered":"Les Maladies li\u00e9es \u00e0 l&rsquo;Amiante."},"content":{"rendered":"\n<div class=\"wp-block-group is-vertical is-layout-flex wp-container-core-group-is-layout-8cf370e7 wp-block-group-is-layout-flex\">\n<p><strong>L&rsquo;inhalation des poussi\u00e8res d&rsquo;amiante expose \u00e0 plusieurs types de pathologies :<\/strong><\/p>\n\n\n\n<ul class=\"wp-block-list\">\n<li style=\"line-height:1.3\"><strong>Les fibroses :<\/strong> plaques pleurales et \u00e9paississements pleuraux, l&rsquo;asbestose ou fibrose du poumon<\/li>\n\n\n\n<li style=\"line-height:1.3\"><strong>Les cancers :<\/strong> broncho-pulmonaire, m\u00e9soth\u00e9liome<\/li>\n\n\n\n<li style=\"line-height:1.3\"><strong>Les pleur\u00e9sies asbetosiques<\/strong> : certaines sont reconnues dans des tableaux de maladies professionnelles.<\/li>\n<\/ul>\n<\/div>\n\n\n<div class=\"wp-block-image\">\n<figure class=\"aligncenter size-full is-resized\"><img loading=\"lazy\" decoding=\"async\" width=\"1024\" height=\"355\" src=\"https:\/\/www.fnath-montpellier.fr\/wp-content\/uploads\/2024\/03\/image.png\" alt=\"\" class=\"wp-image-215\" style=\"width:115px\" srcset=\"https:\/\/www.fnath-montpellier.fr\/wp-content\/uploads\/2024\/03\/image.png 1024w, https:\/\/www.fnath-montpellier.fr\/wp-content\/uploads\/2024\/03\/image-300x104.png 300w, https:\/\/www.fnath-montpellier.fr\/wp-content\/uploads\/2024\/03\/image-768x266.png 768w\" sizes=\"auto, (max-width: 1024px) 100vw, 1024px\" \/><\/figure>\n<\/div>\n\n\n<div class=\"wp-block-group is-vertical is-layout-flex wp-container-core-group-is-layout-8cf370e7 wp-block-group-is-layout-flex\">\n<p class=\"has-tertiary-color has-text-color has-link-color has-medium-font-size wp-elements-309b245850df718936c095193c428a2b\"><strong>L&rsquo;allocation de cessation anticip\u00e9 d&rsquo;activit\u00e9 des travailleurs de l&rsquo;amiante<\/strong><\/p>\n\n\n\n<div class=\"wp-block-group is-vertical is-layout-flex wp-container-core-group-is-layout-8cf370e7 wp-block-group-is-layout-flex\">\n<div class=\"wp-block-group is-vertical is-layout-flex wp-container-core-group-is-layout-8cf370e7 wp-block-group-is-layout-flex\">\n<p>Vous pouvez en b\u00e9n\u00e9ficier si vous \u00eates \u00e2g\u00e9 d&rsquo;au moins 50 ans et si vous \u00eates :<\/p>\n\n\n\n<ul class=\"wp-block-list\">\n<li style=\"line-height:1.3\"> un salari\u00e9 ou ancien salari\u00e9 reconnu atteint d&rsquo;une maladie  professionnelle li\u00e9e \u00e0 l&rsquo;amiante,<\/li>\n\n\n\n<li style=\"line-height:1.3\">ou un salari\u00e9 ayant travaill\u00e9 pour une p\u00e9riode donn\u00e9e dans un \u00e9tablissement inscrit sur une liste fix\u00e9e par d\u00e9cret.<\/li>\n\n\n\n<li style=\"line-height:1.3\">ou un ouvrier docker professionnel et personnels portuaire dans certains ports<\/li>\n<\/ul>\n<\/div>\n<\/div>\n<\/div>\n\n\n\n<p><strong>Contactez nous pour constituer votre dossier ou faire inscrire votre \u00e9tablissement sur la liste.<\/strong><\/p>\n\n\n<div class=\"wp-block-image\">\n<figure class=\"aligncenter size-full is-resized\"><img loading=\"lazy\" decoding=\"async\" width=\"1024\" height=\"355\" src=\"https:\/\/www.fnath-montpellier.fr\/wp-content\/uploads\/2024\/03\/image.png\" alt=\"\" class=\"wp-image-215\" style=\"width:115px\" srcset=\"https:\/\/www.fnath-montpellier.fr\/wp-content\/uploads\/2024\/03\/image.png 1024w, https:\/\/www.fnath-montpellier.fr\/wp-content\/uploads\/2024\/03\/image-300x104.png 300w, https:\/\/www.fnath-montpellier.fr\/wp-content\/uploads\/2024\/03\/image-768x266.png 768w\" sizes=\"auto, (max-width: 1024px) 100vw, 1024px\" \/><\/figure>\n<\/div>\n\n\n<div class=\"wp-block-group is-vertical is-layout-flex wp-container-core-group-is-layout-8cf370e7 wp-block-group-is-layout-flex\">\n<p class=\"has-tertiary-color has-text-color has-link-color has-medium-font-size wp-elements-47091805875f4ca412c29ec48c11511d\"><strong>L&rsquo;action en faute inexcusable<\/strong><\/p>\n\n\n\n<p class=\"has-black-color has-text-color has-background has-link-color wp-elements-e37613ac439757d30ac4fb36b048f3a0\" style=\"background:linear-gradient(135deg,rgb(254,205,165) 100%,rgb(254,45,45) 100%,rgb(107,0,62) 100%)\"><strong>Elle permet de d\u00e9monter que l&#8217;employeur a commis une faute , d&rsquo;obtenir une majoration de votre indemnisation ainsi que la r\u00e9paration de pr\u00e9judices suppl\u00e9mentaires.<\/strong><\/p>\n<\/div>\n\n\n<div class=\"wp-block-image\">\n<figure class=\"aligncenter size-full is-resized\"><img loading=\"lazy\" decoding=\"async\" width=\"1024\" height=\"355\" src=\"https:\/\/www.fnath-montpellier.fr\/wp-content\/uploads\/2024\/03\/image.png\" alt=\"\" class=\"wp-image-215\" style=\"width:115px\" srcset=\"https:\/\/www.fnath-montpellier.fr\/wp-content\/uploads\/2024\/03\/image.png 1024w, https:\/\/www.fnath-montpellier.fr\/wp-content\/uploads\/2024\/03\/image-300x104.png 300w, https:\/\/www.fnath-montpellier.fr\/wp-content\/uploads\/2024\/03\/image-768x266.png 768w\" sizes=\"auto, (max-width: 1024px) 100vw, 1024px\" \/><\/figure>\n<\/div>\n\n\n<div class=\"wp-block-group is-vertical is-layout-flex wp-container-core-group-is-layout-8cf370e7 wp-block-group-is-layout-flex\">\n<p class=\"has-tertiary-color has-text-color has-link-color has-medium-font-size wp-elements-d96d1a2ac44df4e19769c648a7deeff1\"><strong>Le fond d&rsquo;indemnisation des victimes de l&rsquo;amiante (FIVA)<\/strong><\/p>\n\n\n\n<div class=\"wp-block-group is-vertical is-layout-flex wp-container-core-group-is-layout-8cf370e7 wp-block-group-is-layout-flex\">\n<p>Que votre exposition aux poussi\u00e8res de l&rsquo;amiante soit <strong>professionnelle<\/strong> (maladie professionnelle reconnue ou non) ou <strong>environnementale <\/strong>, vous pouvez \u00eatre indemnis\u00e9 par le FIVA.<\/p>\n\n\n\n<ul class=\"wp-block-list\">\n<li style=\"line-height:1.3\">Vous \u00eates un ayant droit (\u00e9pouse, fr\u00e8re, enfant, &#8230;) d&rsquo;une victime de l&rsquo;amiante : vous pouvez \u00e9galement \u00eatre indemnis\u00e9.<\/li>\n\n\n\n<li style=\"line-height:1.3\">Vous pourrez recevoir, dans un d\u00e9lai maximal de six mois, une offre d&rsquo;indemnisation, que vous pouvez accepter ou refuser.<\/li>\n<\/ul>\n<\/div>\n<\/div>\n\n\n\n<p class=\"has-text-align-center has-white-color has-primary-background-color has-text-color has-background has-link-color wp-elements-9077243d5e3f9b52d86541dc1dbb0ba4\" style=\"font-size:25px\"><strong>La FNATH si\u00e8ge au conseil d&rsquo;administration du FIVA.<br>Contactez nous pour formuler votre demande au FIVA<\/strong>.<\/p>\n\n\n<div class=\"wp-block-image\">\n<figure class=\"aligncenter size-full is-resized\"><img loading=\"lazy\" decoding=\"async\" width=\"1024\" height=\"355\" src=\"https:\/\/www.fnath-montpellier.fr\/wp-content\/uploads\/2024\/03\/image.png\" alt=\"\" class=\"wp-image-215\" style=\"width:115px\" srcset=\"https:\/\/www.fnath-montpellier.fr\/wp-content\/uploads\/2024\/03\/image.png 1024w, https:\/\/www.fnath-montpellier.fr\/wp-content\/uploads\/2024\/03\/image-300x104.png 300w, https:\/\/www.fnath-montpellier.fr\/wp-content\/uploads\/2024\/03\/image-768x266.png 768w\" sizes=\"auto, (max-width: 1024px) 100vw, 1024px\" \/><\/figure>\n<\/div>\n\n\n<div class=\"wp-block-group is-vertical is-layout-flex wp-container-core-group-is-layout-8cf370e7 wp-block-group-is-layout-flex\">\n<p class=\"has-tertiary-color has-text-color has-link-color has-medium-font-size wp-elements-7d02b14d159fa6a613db54c22c9f53d2\"><strong>Surveillance m\u00e9dicale post professionnelle apr\u00e8s exposition \u00e0 l&rsquo;amiante<\/strong><\/p>\n\n\n\n<p>Vous \u00eates retrait\u00e9, au ch\u00f4mage ou en invalidit\u00e9&#8230;, vous avez droit \u00e0 une surveillance m\u00e9dicale gratuite apr\u00e8s accord de votre s\u00e9curit\u00e9 sociale.<\/p>\n\n\n\n<p>La surveillance post professionnelle sert \u00e0 faire le point sur vos expositions \u00e0 l&rsquo;amiante, \u00e0 connaitre votre \u00e9tat de sant\u00e9 et, le cas \u00e9ch\u00e9ant, \u00e0 faire valoir vos droits (reconnaissance de la maladie professionnelle, allocation de cessation anticip\u00e9e d&rsquo;activit\u00e9).<\/p>\n<\/div>\n\n\n\n<div class=\"wp-block-group is-vertical is-layout-flex wp-container-core-group-is-layout-8cf370e7 wp-block-group-is-layout-flex\">\n<div class=\"wp-block-group is-vertical is-layout-flex wp-container-core-group-is-layout-8cf370e7 wp-block-group-is-layout-flex\">\n<p class=\"has-tertiary-color has-text-color has-link-color wp-elements-4f5ec535909643a6b69900343ba6ca8b\" style=\"font-size:25px\"><strong>Le Scandale de l&rsquo;amiante<\/strong><\/p>\n\n\n\n<p class=\"has-text-align-center has-white-color has-primary-background-color has-text-color has-background has-link-color wp-elements-84b927b45499d4b0658e3a30184d9ce6\" style=\"font-size:20px\"><strong>L&rsquo;amiante n&rsquo;a \u00e9t\u00e9 interdite en France qu&rsquo;en 1996, gr\u00e2ce en particulier \u00e0 l&rsquo;action des associations. L&rsquo;amiante c&rsquo;est 3000 morts par an, 100 000 pour les prochaines d\u00e9cennies. <br>Les cancers li\u00e9s \u00e0 l&rsquo;amiante constituent 81% des cancers professionnels reconnus. <br>La moiti\u00e9 des artisans retrait\u00e9s ont \u00e9t\u00e9 expos\u00e9s \u00e0 l&rsquo;amiante durant leur vie professionnelle.<\/strong><\/p>\n<\/div>\n<\/div>\n\n\n<div class=\"wp-block-image\">\n<figure class=\"aligncenter size-full is-resized\"><img loading=\"lazy\" decoding=\"async\" width=\"1024\" height=\"355\" src=\"https:\/\/www.fnath-montpellier.fr\/wp-content\/uploads\/2024\/03\/image.png\" alt=\"\" class=\"wp-image-215\" style=\"width:375px\" srcset=\"https:\/\/www.fnath-montpellier.fr\/wp-content\/uploads\/2024\/03\/image.png 1024w, https:\/\/www.fnath-montpellier.fr\/wp-content\/uploads\/2024\/03\/image-300x104.png 300w, https:\/\/www.fnath-montpellier.fr\/wp-content\/uploads\/2024\/03\/image-768x266.png 768w\" sizes=\"auto, (max-width: 1024px) 100vw, 1024px\" \/><\/figure>\n<\/div>","protected":false},"excerpt":{"rendered":"<p>L&rsquo;inhalation des poussi\u00e8res d&rsquo;amiante expose \u00e0 plusieurs types de pathologies : L&rsquo;allocation de cessation anticip\u00e9 d&rsquo;activit\u00e9 des travailleurs de l&rsquo;amiante<\/p>\n","protected":false},"author":1,"featured_media":0,"parent":0,"menu_order":0,"comment_status":"closed","ping_status":"closed","template":"","meta":{"footnotes":""},"class_list":["post-553","page","type-page","status-publish","hentry","comments-off"],"_links":{"self":[{"href":"https:\/\/www.fnath-montpellier.fr\/index.php\/wp-json\/wp\/v2\/pages\/553","targetHints":{"allow":["GET"]}}],"collection":[{"href":"https:\/\/www.fnath-montpellier.fr\/index.php\/wp-json\/wp\/v2\/pages"}],"about":[{"href":"https:\/\/www.fnath-montpellier.fr\/index.php\/wp-json\/wp\/v2\/types\/page"}],"author":[{"embeddable":true,"href":"https:\/\/www.fnath-montpellier.fr\/index.php\/wp-json\/wp\/v2\/users\/1"}],"replies":[{"embeddable":true,"href":"https:\/\/www.fnath-montpellier.fr\/index.php\/wp-json\/wp\/v2\/comments?post=553"}],"version-history":[{"count":4,"href":"https:\/\/www.fnath-montpellier.fr\/index.php\/wp-json\/wp\/v2\/pages\/553\/revisions"}],"predecessor-version":[{"id":578,"href":"https:\/\/www.fnath-montpellier.fr\/index.php\/wp-json\/wp\/v2\/pages\/553\/revisions\/578"}],"wp:attachment":[{"href":"https:\/\/www.fnath-montpellier.fr\/index.php\/wp-json\/wp\/v2\/media?parent=553"}],"curies":[{"name":"wp","href":"https:\/\/api.w.org\/{rel}","templated":true}]}}

Les Maladies liées à l&rsquo;Amiante.

<div class="wp-block-group is-vertical is-layout-flex wp-container-core-group-is-layout-8cf370e7 wp-block-group-is-layout-flex">
<p><strong>L&rsquo;inhalation des poussières d&rsquo;amiante expose à plusieurs types de pathologies :</strong></p>



<ul class="wp-block-list">
<li style="line-height:1.3"><strong>Les fibroses :</strong> plaques pleurales et épaississements pleuraux, l&rsquo;asbestose ou fibrose du poumon</li>



<li style="line-height:1.3"><strong>Les cancers :</strong> broncho-pulmonaire, mésothéliome</li>



<li style="line-height:1.3"><strong>Les pleurésies asbetosiques</strong> : certaines sont reconnues dans des tableaux de maladies professionnelles.</li>
</ul>
</div>


<div class="wp-block-image">
<figure class="aligncenter size-full is-resized"><img loading="lazy" decoding="async" width="1024" height="355" src="https://www.fnath-montpellier.fr/wp-content/uploads/2024/03/image.png" alt="" class="wp-image-215" style="width:115px" srcset="https://www.fnath-montpellier.fr/wp-content/uploads/2024/03/image.png 1024w, https://www.fnath-montpellier.fr/wp-content/uploads/2024/03/image-300x104.png 300w, https://www.fnath-montpellier.fr/wp-content/uploads/2024/03/image-768x266.png 768w" sizes="auto, (max-width: 1024px) 100vw, 1024px" /></figure>
</div>


<div class="wp-block-group is-vertical is-layout-flex wp-container-core-group-is-layout-8cf370e7 wp-block-group-is-layout-flex">
<p class="has-tertiary-color has-text-color has-link-color has-medium-font-size wp-elements-309b245850df718936c095193c428a2b"><strong>L&rsquo;allocation de cessation anticipé d&rsquo;activité des travailleurs de l&rsquo;amiante</strong></p>



<div class="wp-block-group is-vertical is-layout-flex wp-container-core-group-is-layout-8cf370e7 wp-block-group-is-layout-flex">
<div class="wp-block-group is-vertical is-layout-flex wp-container-core-group-is-layout-8cf370e7 wp-block-group-is-layout-flex">
<p>Vous pouvez en bénéficier si vous êtes âgé d&rsquo;au moins 50 ans et si vous êtes :</p>



<ul class="wp-block-list">
<li style="line-height:1.3"> un salarié ou ancien salarié reconnu atteint d&rsquo;une maladie  professionnelle liée à l&rsquo;amiante,</li>



<li style="line-height:1.3">ou un salarié ayant travaillé pour une période donnée dans un établissement inscrit sur une liste fixée par décret.</li>



<li style="line-height:1.3">ou un ouvrier docker professionnel et personnels portuaire dans certains ports</li>
</ul>
</div>
</div>
</div>



<p><strong>Contactez nous pour constituer votre dossier ou faire inscrire votre établissement sur la liste.</strong></p>


<div class="wp-block-image">
<figure class="aligncenter size-full is-resized"><img loading="lazy" decoding="async" width="1024" height="355" src="https://www.fnath-montpellier.fr/wp-content/uploads/2024/03/image.png" alt="" class="wp-image-215" style="width:115px" srcset="https://www.fnath-montpellier.fr/wp-content/uploads/2024/03/image.png 1024w, https://www.fnath-montpellier.fr/wp-content/uploads/2024/03/image-300x104.png 300w, https://www.fnath-montpellier.fr/wp-content/uploads/2024/03/image-768x266.png 768w" sizes="auto, (max-width: 1024px) 100vw, 1024px" /></figure>
</div>


<div class="wp-block-group is-vertical is-layout-flex wp-container-core-group-is-layout-8cf370e7 wp-block-group-is-layout-flex">
<p class="has-tertiary-color has-text-color has-link-color has-medium-font-size wp-elements-47091805875f4ca412c29ec48c11511d"><strong>L&rsquo;action en faute inexcusable</strong></p>



<p class="has-black-color has-text-color has-background has-link-color wp-elements-e37613ac439757d30ac4fb36b048f3a0" style="background:linear-gradient(135deg,rgb(254,205,165) 100%,rgb(254,45,45) 100%,rgb(107,0,62) 100%)"><strong>Elle permet de démonter que l&#8217;employeur a commis une faute , d&rsquo;obtenir une majoration de votre indemnisation ainsi que la réparation de préjudices supplémentaires.</strong></p>
</div>


<div class="wp-block-image">
<figure class="aligncenter size-full is-resized"><img loading="lazy" decoding="async" width="1024" height="355" src="https://www.fnath-montpellier.fr/wp-content/uploads/2024/03/image.png" alt="" class="wp-image-215" style="width:115px" srcset="https://www.fnath-montpellier.fr/wp-content/uploads/2024/03/image.png 1024w, https://www.fnath-montpellier.fr/wp-content/uploads/2024/03/image-300x104.png 300w, https://www.fnath-montpellier.fr/wp-content/uploads/2024/03/image-768x266.png 768w" sizes="auto, (max-width: 1024px) 100vw, 1024px" /></figure>
</div>


<div class="wp-block-group is-vertical is-layout-flex wp-container-core-group-is-layout-8cf370e7 wp-block-group-is-layout-flex">
<p class="has-tertiary-color has-text-color has-link-color has-medium-font-size wp-elements-d96d1a2ac44df4e19769c648a7deeff1"><strong>Le fond d&rsquo;indemnisation des victimes de l&rsquo;amiante (FIVA)</strong></p>



<div class="wp-block-group is-vertical is-layout-flex wp-container-core-group-is-layout-8cf370e7 wp-block-group-is-layout-flex">
<p>Que votre exposition aux poussières de l&rsquo;amiante soit <strong>professionnelle</strong> (maladie professionnelle reconnue ou non) ou <strong>environnementale </strong>, vous pouvez être indemnisé par le FIVA.</p>



<ul class="wp-block-list">
<li style="line-height:1.3">Vous êtes un ayant droit (épouse, frère, enfant, &#8230;) d&rsquo;une victime de l&rsquo;amiante : vous pouvez également être indemnisé.</li>



<li style="line-height:1.3">Vous pourrez recevoir, dans un délai maximal de six mois, une offre d&rsquo;indemnisation, que vous pouvez accepter ou refuser.</li>
</ul>
</div>
</div>



<p class="has-text-align-center has-white-color has-primary-background-color has-text-color has-background has-link-color wp-elements-9077243d5e3f9b52d86541dc1dbb0ba4" style="font-size:25px"><strong>La FNATH siège au conseil d&rsquo;administration du FIVA.<br>Contactez nous pour formuler votre demande au FIVA</strong>.</p>


<div class="wp-block-image">
<figure class="aligncenter size-full is-resized"><img loading="lazy" decoding="async" width="1024" height="355" src="https://www.fnath-montpellier.fr/wp-content/uploads/2024/03/image.png" alt="" class="wp-image-215" style="width:115px" srcset="https://www.fnath-montpellier.fr/wp-content/uploads/2024/03/image.png 1024w, https://www.fnath-montpellier.fr/wp-content/uploads/2024/03/image-300x104.png 300w, https://www.fnath-montpellier.fr/wp-content/uploads/2024/03/image-768x266.png 768w" sizes="auto, (max-width: 1024px) 100vw, 1024px" /></figure>
</div>


<div class="wp-block-group is-vertical is-layout-flex wp-container-core-group-is-layout-8cf370e7 wp-block-group-is-layout-flex">
<p class="has-tertiary-color has-text-color has-link-color has-medium-font-size wp-elements-7d02b14d159fa6a613db54c22c9f53d2"><strong>Surveillance médicale post professionnelle après exposition à l&rsquo;amiante</strong></p>



<p>Vous êtes retraité, au chômage ou en invalidité&#8230;, vous avez droit à une surveillance médicale gratuite après accord de votre sécurité sociale.</p>



<p>La surveillance post professionnelle sert à faire le point sur vos expositions à l&rsquo;amiante, à connaitre votre état de santé et, le cas échéant, à faire valoir vos droits (reconnaissance de la maladie professionnelle, allocation de cessation anticipée d&rsquo;activité).</p>
</div>



<div class="wp-block-group is-vertical is-layout-flex wp-container-core-group-is-layout-8cf370e7 wp-block-group-is-layout-flex">
<div class="wp-block-group is-vertical is-layout-flex wp-container-core-group-is-layout-8cf370e7 wp-block-group-is-layout-flex">
<p class="has-tertiary-color has-text-color has-link-color wp-elements-4f5ec535909643a6b69900343ba6ca8b" style="font-size:25px"><strong>Le Scandale de l&rsquo;amiante</strong></p>



<p class="has-text-align-center has-white-color has-primary-background-color has-text-color has-background has-link-color wp-elements-84b927b45499d4b0658e3a30184d9ce6" style="font-size:20px"><strong>L&rsquo;amiante n&rsquo;a été interdite en France qu&rsquo;en 1996, grâce en particulier à l&rsquo;action des associations. L&rsquo;amiante c&rsquo;est 3000 morts par an, 100 000 pour les prochaines décennies. <br>Les cancers liés à l&rsquo;amiante constituent 81% des cancers professionnels reconnus. <br>La moitié des artisans retraités ont été exposés à l&rsquo;amiante durant leur vie professionnelle.</strong></p>
</div>
</div>


<div class="wp-block-image">
<figure class="aligncenter size-full is-resized"><img loading="lazy" decoding="async" width="1024" height="355" src="https://www.fnath-montpellier.fr/wp-content/uploads/2024/03/image.png" alt="" class="wp-image-215" style="width:375px" srcset="https://www.fnath-montpellier.fr/wp-content/uploads/2024/03/image.png 1024w, https://www.fnath-montpellier.fr/wp-content/uploads/2024/03/image-300x104.png 300w, https://www.fnath-montpellier.fr/wp-content/uploads/2024/03/image-768x266.png 768w" sizes="auto, (max-width: 1024px) 100vw, 1024px" /></figure>
</div>

<p>L&rsquo;inhalation des poussières d&rsquo;amiante expose à plusieurs types de pathologies : L&rsquo;allocation de cessation anticipé d&rsquo;activité des travailleurs de l&rsquo;amiante</p>
