{"id":762,"date":"2025-03-20T16:18:12","date_gmt":"2025-03-20T15:18:12","guid":{"rendered":"https:\/\/www.fnath-montpellier.fr\/?page_id=762"},"modified":"2025-03-20T17:17:56","modified_gmt":"2025-03-20T16:17:56","slug":"notre-histoire-sur-le-departement","status":"publish","type":"page","link":"https:\/\/www.fnath-montpellier.fr\/index.php\/notre-histoire-sur-le-departement\/","title":{"rendered":"Notre Histoire sur le d\u00e9partement"},"content":{"rendered":"\n<p>Merci aux g\u00e9n\u00e9reux donateurs de ces photos qui nous les ont faites passer gracieusement&#8230;&#8230;<br>Souvenir, Souvenir.<\/p>\n\n\n\n<figure class=\"wp-block-image size-large\"><img loading=\"lazy\" decoding=\"async\" width=\"1024\" height=\"712\" src=\"https:\/\/www.fnath-montpellier.fr\/wp-content\/uploads\/2025\/03\/FNATH-DEFILE-RUE-1931-PEZENAS-1024x712.jpg\" alt=\"\" class=\"wp-image-759\" srcset=\"https:\/\/www.fnath-montpellier.fr\/wp-content\/uploads\/2025\/03\/FNATH-DEFILE-RUE-1931-PEZENAS-1024x712.jpg 1024w, https:\/\/www.fnath-montpellier.fr\/wp-content\/uploads\/2025\/03\/FNATH-DEFILE-RUE-1931-PEZENAS-300x208.jpg 300w, https:\/\/www.fnath-montpellier.fr\/wp-content\/uploads\/2025\/03\/FNATH-DEFILE-RUE-1931-PEZENAS-768x534.jpg 768w, https:\/\/www.fnath-montpellier.fr\/wp-content\/uploads\/2025\/03\/FNATH-DEFILE-RUE-1931-PEZENAS-1536x1067.jpg 1536w, https:\/\/www.fnath-montpellier.fr\/wp-content\/uploads\/2025\/03\/FNATH-DEFILE-RUE-1931-PEZENAS.jpg 1554w\" sizes=\"auto, (max-width: 1024px) 100vw, 1024px\" \/><figcaption class=\"wp-element-caption\"><strong>D\u00e9fil\u00e9 de Rue \u00e0 PEZENAS en 1931<\/strong><\/figcaption><\/figure>\n\n\n<div class=\"wp-block-image\">\n<figure class=\"aligncenter size-large\"><img loading=\"lazy\" decoding=\"async\" width=\"1024\" height=\"737\" src=\"https:\/\/www.fnath-montpellier.fr\/wp-content\/uploads\/2025\/03\/FNATH-CONGRES-1932-AGDE-1024x737.jpg\" alt=\"\" class=\"wp-image-754\" srcset=\"https:\/\/www.fnath-montpellier.fr\/wp-content\/uploads\/2025\/03\/FNATH-CONGRES-1932-AGDE-1024x737.jpg 1024w, https:\/\/www.fnath-montpellier.fr\/wp-content\/uploads\/2025\/03\/FNATH-CONGRES-1932-AGDE-300x216.jpg 300w, https:\/\/www.fnath-montpellier.fr\/wp-content\/uploads\/2025\/03\/FNATH-CONGRES-1932-AGDE-768x553.jpg 768w, https:\/\/www.fnath-montpellier.fr\/wp-content\/uploads\/2025\/03\/FNATH-CONGRES-1932-AGDE.jpg 1500w\" sizes=\"auto, (max-width: 1024px) 100vw, 1024px\" \/><figcaption class=\"wp-element-caption\"><strong>Congr\u00e8s \u00e0 AGDE en 1932<\/strong><\/figcaption><\/figure>\n<\/div>\n\n\n<figure class=\"wp-block-image size-large\"><img loading=\"lazy\" decoding=\"async\" width=\"1024\" height=\"683\" src=\"https:\/\/www.fnath-montpellier.fr\/wp-content\/uploads\/2025\/03\/FNATH-1936-PEZENAS-1024x683.jpg\" alt=\"\" class=\"wp-image-753\" srcset=\"https:\/\/www.fnath-montpellier.fr\/wp-content\/uploads\/2025\/03\/FNATH-1936-PEZENAS-1024x683.jpg 1024w, https:\/\/www.fnath-montpellier.fr\/wp-content\/uploads\/2025\/03\/FNATH-1936-PEZENAS-300x200.jpg 300w, https:\/\/www.fnath-montpellier.fr\/wp-content\/uploads\/2025\/03\/FNATH-1936-PEZENAS-768x512.jpg 768w, https:\/\/www.fnath-montpellier.fr\/wp-content\/uploads\/2025\/03\/FNATH-1936-PEZENAS-1536x1024.jpg 1536w, https:\/\/www.fnath-montpellier.fr\/wp-content\/uploads\/2025\/03\/FNATH-1936-PEZENAS.jpg 1620w\" sizes=\"auto, (max-width: 1024px) 100vw, 1024px\" \/><figcaption class=\"wp-element-caption\"><strong>Congr\u00e8s \u00e0 PEZENAS en 1936<\/strong><\/figcaption><\/figure>\n\n\n\n<figure class=\"wp-block-image size-large\"><img loading=\"lazy\" decoding=\"async\" width=\"1024\" height=\"600\" src=\"https:\/\/www.fnath-montpellier.fr\/wp-content\/uploads\/2025\/03\/FNATH-CONGRES-PEZENAS-1936-02-1024x600.jpg\" alt=\"\" class=\"wp-image-757\" srcset=\"https:\/\/www.fnath-montpellier.fr\/wp-content\/uploads\/2025\/03\/FNATH-CONGRES-PEZENAS-1936-02-1024x600.jpg 1024w, https:\/\/www.fnath-montpellier.fr\/wp-content\/uploads\/2025\/03\/FNATH-CONGRES-PEZENAS-1936-02-300x176.jpg 300w, https:\/\/www.fnath-montpellier.fr\/wp-content\/uploads\/2025\/03\/FNATH-CONGRES-PEZENAS-1936-02-768x450.jpg 768w, https:\/\/www.fnath-montpellier.fr\/wp-content\/uploads\/2025\/03\/FNATH-CONGRES-PEZENAS-1936-02-1536x900.jpg 1536w, https:\/\/www.fnath-montpellier.fr\/wp-content\/uploads\/2025\/03\/FNATH-CONGRES-PEZENAS-1936-02-2048x1200.jpg 2048w\" sizes=\"auto, (max-width: 1024px) 100vw, 1024px\" \/><figcaption class=\"wp-element-caption\">PEZENAS 1936<\/figcaption><\/figure>\n\n\n\n<figure class=\"wp-block-image size-large\"><img loading=\"lazy\" decoding=\"async\" width=\"1024\" height=\"723\" src=\"https:\/\/www.fnath-montpellier.fr\/wp-content\/uploads\/2025\/03\/FNATH-DEFILE-BLEU-1938-1024x723.jpg\" alt=\"\" class=\"wp-image-758\" srcset=\"https:\/\/www.fnath-montpellier.fr\/wp-content\/uploads\/2025\/03\/FNATH-DEFILE-BLEU-1938-1024x723.jpg 1024w, https:\/\/www.fnath-montpellier.fr\/wp-content\/uploads\/2025\/03\/FNATH-DEFILE-BLEU-1938-300x212.jpg 300w, https:\/\/www.fnath-montpellier.fr\/wp-content\/uploads\/2025\/03\/FNATH-DEFILE-BLEU-1938-768x542.jpg 768w, https:\/\/www.fnath-montpellier.fr\/wp-content\/uploads\/2025\/03\/FNATH-DEFILE-BLEU-1938.jpg 1530w\" sizes=\"auto, (max-width: 1024px) 100vw, 1024px\" \/><figcaption class=\"wp-element-caption\"><strong>D\u00e9fil\u00e9 \u00e0 Montpellier en 1938<\/strong><\/figcaption><\/figure>\n\n\n\n<figure class=\"wp-block-image size-large\"><img loading=\"lazy\" decoding=\"async\" width=\"1024\" height=\"759\" src=\"https:\/\/www.fnath-montpellier.fr\/wp-content\/uploads\/2025\/03\/FNATH-ESPLANADE-1938-1024x759.jpg\" alt=\"\" class=\"wp-image-760\" srcset=\"https:\/\/www.fnath-montpellier.fr\/wp-content\/uploads\/2025\/03\/FNATH-ESPLANADE-1938-1024x759.jpg 1024w, https:\/\/www.fnath-montpellier.fr\/wp-content\/uploads\/2025\/03\/FNATH-ESPLANADE-1938-300x222.jpg 300w, https:\/\/www.fnath-montpellier.fr\/wp-content\/uploads\/2025\/03\/FNATH-ESPLANADE-1938-768x569.jpg 768w, https:\/\/www.fnath-montpellier.fr\/wp-content\/uploads\/2025\/03\/FNATH-ESPLANADE-1938-1536x1139.jpg 1536w, https:\/\/www.fnath-montpellier.fr\/wp-content\/uploads\/2025\/03\/FNATH-ESPLANADE-1938-2048x1518.jpg 2048w\" sizes=\"auto, (max-width: 1024px) 100vw, 1024px\" \/><figcaption class=\"wp-element-caption\"><strong>Esplanade 1938<\/strong><\/figcaption><\/figure>\n\n\n\n<figure class=\"wp-block-image size-large\"><img loading=\"lazy\" decoding=\"async\" width=\"1024\" height=\"709\" src=\"https:\/\/www.fnath-montpellier.fr\/wp-content\/uploads\/2025\/03\/FNATH-ESPLANADE-MONUMENT-AUX-MORTS-1024x709.jpg\" alt=\"\" class=\"wp-image-761\" srcset=\"https:\/\/www.fnath-montpellier.fr\/wp-content\/uploads\/2025\/03\/FNATH-ESPLANADE-MONUMENT-AUX-MORTS-1024x709.jpg 1024w, https:\/\/www.fnath-montpellier.fr\/wp-content\/uploads\/2025\/03\/FNATH-ESPLANADE-MONUMENT-AUX-MORTS-300x208.jpg 300w, https:\/\/www.fnath-montpellier.fr\/wp-content\/uploads\/2025\/03\/FNATH-ESPLANADE-MONUMENT-AUX-MORTS-768x532.jpg 768w, https:\/\/www.fnath-montpellier.fr\/wp-content\/uploads\/2025\/03\/FNATH-ESPLANADE-MONUMENT-AUX-MORTS-1536x1064.jpg 1536w, https:\/\/www.fnath-montpellier.fr\/wp-content\/uploads\/2025\/03\/FNATH-ESPLANADE-MONUMENT-AUX-MORTS-2048x1419.jpg 2048w\" sizes=\"auto, (max-width: 1024px) 100vw, 1024px\" \/><figcaption class=\"wp-element-caption\"><strong>Esplanade Monument aux Morts<\/strong> <strong>1938<\/strong><\/figcaption><\/figure>\n\n\n\n<figure class=\"wp-block-image size-large\"><img loading=\"lazy\" decoding=\"async\" width=\"1024\" height=\"746\" src=\"https:\/\/www.fnath-montpellier.fr\/wp-content\/uploads\/2025\/03\/FNATH-CONGRES-ANCIENS-COSTARD-1024x746.jpg\" alt=\"\" class=\"wp-image-755\" srcset=\"https:\/\/www.fnath-montpellier.fr\/wp-content\/uploads\/2025\/03\/FNATH-CONGRES-ANCIENS-COSTARD-1024x746.jpg 1024w, https:\/\/www.fnath-montpellier.fr\/wp-content\/uploads\/2025\/03\/FNATH-CONGRES-ANCIENS-COSTARD-300x218.jpg 300w, https:\/\/www.fnath-montpellier.fr\/wp-content\/uploads\/2025\/03\/FNATH-CONGRES-ANCIENS-COSTARD-768x559.jpg 768w, https:\/\/www.fnath-montpellier.fr\/wp-content\/uploads\/2025\/03\/FNATH-CONGRES-ANCIENS-COSTARD-1536x1119.jpg 1536w, https:\/\/www.fnath-montpellier.fr\/wp-content\/uploads\/2025\/03\/FNATH-CONGRES-ANCIENS-COSTARD.jpg 1671w\" sizes=\"auto, (max-width: 1024px) 100vw, 1024px\" \/><figcaption class=\"wp-element-caption\"><strong>Les Membres \u00ab\u00a0En Costard\u00a0\u00bb  1938<\/strong><\/figcaption><\/figure>\n\n\n\n<figure class=\"wp-block-image size-large\"><img loading=\"lazy\" decoding=\"async\" width=\"1024\" height=\"741\" src=\"https:\/\/www.fnath-montpellier.fr\/wp-content\/uploads\/2025\/03\/FNATH-CONGRES-ANCIENS-DEV-LOCAUX-1024x741.jpg\" alt=\"\" class=\"wp-image-756\" srcset=\"https:\/\/www.fnath-montpellier.fr\/wp-content\/uploads\/2025\/03\/FNATH-CONGRES-ANCIENS-DEV-LOCAUX-1024x741.jpg 1024w, https:\/\/www.fnath-montpellier.fr\/wp-content\/uploads\/2025\/03\/FNATH-CONGRES-ANCIENS-DEV-LOCAUX-300x217.jpg 300w, https:\/\/www.fnath-montpellier.fr\/wp-content\/uploads\/2025\/03\/FNATH-CONGRES-ANCIENS-DEV-LOCAUX-768x555.jpg 768w, https:\/\/www.fnath-montpellier.fr\/wp-content\/uploads\/2025\/03\/FNATH-CONGRES-ANCIENS-DEV-LOCAUX-1536x1111.jpg 1536w, https:\/\/www.fnath-montpellier.fr\/wp-content\/uploads\/2025\/03\/FNATH-CONGRES-ANCIENS-DEV-LOCAUX.jpg 1770w\" sizes=\"auto, (max-width: 1024px) 100vw, 1024px\" \/><figcaption class=\"wp-element-caption\"><strong>Congres devant les Locaux 1938<\/strong><\/figcaption><\/figure>\n\n\n\n<p><\/p>\n","protected":false},"excerpt":{"rendered":"<p>Merci aux g\u00e9n\u00e9reux donateurs de ces photos qui nous les ont faites passer gracieusement&#8230;&#8230;Souvenir, Souvenir.<\/p>\n","protected":false},"author":1,"featured_media":0,"parent":0,"menu_order":0,"comment_status":"closed","ping_status":"closed","template":"","meta":{"footnotes":""},"class_list":["post-762","page","type-page","status-publish","hentry","comments-off"],"_links":{"self":[{"href":"https:\/\/www.fnath-montpellier.fr\/index.php\/wp-json\/wp\/v2\/pages\/762","targetHints":{"allow":["GET"]}}],"collection":[{"href":"https:\/\/www.fnath-montpellier.fr\/index.php\/wp-json\/wp\/v2\/pages"}],"about":[{"href":"https:\/\/www.fnath-montpellier.fr\/index.php\/wp-json\/wp\/v2\/types\/page"}],"author":[{"embeddable":true,"href":"https:\/\/www.fnath-montpellier.fr\/index.php\/wp-json\/wp\/v2\/users\/1"}],"replies":[{"embeddable":true,"href":"https:\/\/www.fnath-montpellier.fr\/index.php\/wp-json\/wp\/v2\/comments?post=762"}],"version-history":[{"count":5,"href":"https:\/\/www.fnath-montpellier.fr\/index.php\/wp-json\/wp\/v2\/pages\/762\/revisions"}],"predecessor-version":[{"id":774,"href":"https:\/\/www.fnath-montpellier.fr\/index.php\/wp-json\/wp\/v2\/pages\/762\/revisions\/774"}],"wp:attachment":[{"href":"https:\/\/www.fnath-montpellier.fr\/index.php\/wp-json\/wp\/v2\/media?parent=762"}],"curies":[{"name":"wp","href":"https:\/\/api.w.org\/{rel}","templated":true}]}}

Notre Histoire sur le département

<p>Merci aux généreux donateurs de ces photos qui nous les ont faites passer gracieusement&#8230;&#8230;<br>Souvenir, Souvenir.</p>



<figure class="wp-block-image size-large"><img loading="lazy" decoding="async" width="1024" height="712" src="https://www.fnath-montpellier.fr/wp-content/uploads/2025/03/FNATH-DEFILE-RUE-1931-PEZENAS-1024x712.jpg" alt="" class="wp-image-759" srcset="https://www.fnath-montpellier.fr/wp-content/uploads/2025/03/FNATH-DEFILE-RUE-1931-PEZENAS-1024x712.jpg 1024w, https://www.fnath-montpellier.fr/wp-content/uploads/2025/03/FNATH-DEFILE-RUE-1931-PEZENAS-300x208.jpg 300w, https://www.fnath-montpellier.fr/wp-content/uploads/2025/03/FNATH-DEFILE-RUE-1931-PEZENAS-768x534.jpg 768w, https://www.fnath-montpellier.fr/wp-content/uploads/2025/03/FNATH-DEFILE-RUE-1931-PEZENAS-1536x1067.jpg 1536w, https://www.fnath-montpellier.fr/wp-content/uploads/2025/03/FNATH-DEFILE-RUE-1931-PEZENAS.jpg 1554w" sizes="auto, (max-width: 1024px) 100vw, 1024px" /><figcaption class="wp-element-caption"><strong>Défilé de Rue à PEZENAS en 1931</strong></figcaption></figure>


<div class="wp-block-image">
<figure class="aligncenter size-large"><img loading="lazy" decoding="async" width="1024" height="737" src="https://www.fnath-montpellier.fr/wp-content/uploads/2025/03/FNATH-CONGRES-1932-AGDE-1024x737.jpg" alt="" class="wp-image-754" srcset="https://www.fnath-montpellier.fr/wp-content/uploads/2025/03/FNATH-CONGRES-1932-AGDE-1024x737.jpg 1024w, https://www.fnath-montpellier.fr/wp-content/uploads/2025/03/FNATH-CONGRES-1932-AGDE-300x216.jpg 300w, https://www.fnath-montpellier.fr/wp-content/uploads/2025/03/FNATH-CONGRES-1932-AGDE-768x553.jpg 768w, https://www.fnath-montpellier.fr/wp-content/uploads/2025/03/FNATH-CONGRES-1932-AGDE.jpg 1500w" sizes="auto, (max-width: 1024px) 100vw, 1024px" /><figcaption class="wp-element-caption"><strong>Congrès à AGDE en 1932</strong></figcaption></figure>
</div>


<figure class="wp-block-image size-large"><img loading="lazy" decoding="async" width="1024" height="683" src="https://www.fnath-montpellier.fr/wp-content/uploads/2025/03/FNATH-1936-PEZENAS-1024x683.jpg" alt="" class="wp-image-753" srcset="https://www.fnath-montpellier.fr/wp-content/uploads/2025/03/FNATH-1936-PEZENAS-1024x683.jpg 1024w, https://www.fnath-montpellier.fr/wp-content/uploads/2025/03/FNATH-1936-PEZENAS-300x200.jpg 300w, https://www.fnath-montpellier.fr/wp-content/uploads/2025/03/FNATH-1936-PEZENAS-768x512.jpg 768w, https://www.fnath-montpellier.fr/wp-content/uploads/2025/03/FNATH-1936-PEZENAS-1536x1024.jpg 1536w, https://www.fnath-montpellier.fr/wp-content/uploads/2025/03/FNATH-1936-PEZENAS.jpg 1620w" sizes="auto, (max-width: 1024px) 100vw, 1024px" /><figcaption class="wp-element-caption"><strong>Congrès à PEZENAS en 1936</strong></figcaption></figure>



<figure class="wp-block-image size-large"><img loading="lazy" decoding="async" width="1024" height="600" src="https://www.fnath-montpellier.fr/wp-content/uploads/2025/03/FNATH-CONGRES-PEZENAS-1936-02-1024x600.jpg" alt="" class="wp-image-757" srcset="https://www.fnath-montpellier.fr/wp-content/uploads/2025/03/FNATH-CONGRES-PEZENAS-1936-02-1024x600.jpg 1024w, https://www.fnath-montpellier.fr/wp-content/uploads/2025/03/FNATH-CONGRES-PEZENAS-1936-02-300x176.jpg 300w, https://www.fnath-montpellier.fr/wp-content/uploads/2025/03/FNATH-CONGRES-PEZENAS-1936-02-768x450.jpg 768w, https://www.fnath-montpellier.fr/wp-content/uploads/2025/03/FNATH-CONGRES-PEZENAS-1936-02-1536x900.jpg 1536w, https://www.fnath-montpellier.fr/wp-content/uploads/2025/03/FNATH-CONGRES-PEZENAS-1936-02-2048x1200.jpg 2048w" sizes="auto, (max-width: 1024px) 100vw, 1024px" /><figcaption class="wp-element-caption">PEZENAS 1936</figcaption></figure>



<figure class="wp-block-image size-large"><img loading="lazy" decoding="async" width="1024" height="723" src="https://www.fnath-montpellier.fr/wp-content/uploads/2025/03/FNATH-DEFILE-BLEU-1938-1024x723.jpg" alt="" class="wp-image-758" srcset="https://www.fnath-montpellier.fr/wp-content/uploads/2025/03/FNATH-DEFILE-BLEU-1938-1024x723.jpg 1024w, https://www.fnath-montpellier.fr/wp-content/uploads/2025/03/FNATH-DEFILE-BLEU-1938-300x212.jpg 300w, https://www.fnath-montpellier.fr/wp-content/uploads/2025/03/FNATH-DEFILE-BLEU-1938-768x542.jpg 768w, https://www.fnath-montpellier.fr/wp-content/uploads/2025/03/FNATH-DEFILE-BLEU-1938.jpg 1530w" sizes="auto, (max-width: 1024px) 100vw, 1024px" /><figcaption class="wp-element-caption"><strong>Défilé à Montpellier en 1938</strong></figcaption></figure>



<figure class="wp-block-image size-large"><img loading="lazy" decoding="async" width="1024" height="759" src="https://www.fnath-montpellier.fr/wp-content/uploads/2025/03/FNATH-ESPLANADE-1938-1024x759.jpg" alt="" class="wp-image-760" srcset="https://www.fnath-montpellier.fr/wp-content/uploads/2025/03/FNATH-ESPLANADE-1938-1024x759.jpg 1024w, https://www.fnath-montpellier.fr/wp-content/uploads/2025/03/FNATH-ESPLANADE-1938-300x222.jpg 300w, https://www.fnath-montpellier.fr/wp-content/uploads/2025/03/FNATH-ESPLANADE-1938-768x569.jpg 768w, https://www.fnath-montpellier.fr/wp-content/uploads/2025/03/FNATH-ESPLANADE-1938-1536x1139.jpg 1536w, https://www.fnath-montpellier.fr/wp-content/uploads/2025/03/FNATH-ESPLANADE-1938-2048x1518.jpg 2048w" sizes="auto, (max-width: 1024px) 100vw, 1024px" /><figcaption class="wp-element-caption"><strong>Esplanade 1938</strong></figcaption></figure>



<figure class="wp-block-image size-large"><img loading="lazy" decoding="async" width="1024" height="709" src="https://www.fnath-montpellier.fr/wp-content/uploads/2025/03/FNATH-ESPLANADE-MONUMENT-AUX-MORTS-1024x709.jpg" alt="" class="wp-image-761" srcset="https://www.fnath-montpellier.fr/wp-content/uploads/2025/03/FNATH-ESPLANADE-MONUMENT-AUX-MORTS-1024x709.jpg 1024w, https://www.fnath-montpellier.fr/wp-content/uploads/2025/03/FNATH-ESPLANADE-MONUMENT-AUX-MORTS-300x208.jpg 300w, https://www.fnath-montpellier.fr/wp-content/uploads/2025/03/FNATH-ESPLANADE-MONUMENT-AUX-MORTS-768x532.jpg 768w, https://www.fnath-montpellier.fr/wp-content/uploads/2025/03/FNATH-ESPLANADE-MONUMENT-AUX-MORTS-1536x1064.jpg 1536w, https://www.fnath-montpellier.fr/wp-content/uploads/2025/03/FNATH-ESPLANADE-MONUMENT-AUX-MORTS-2048x1419.jpg 2048w" sizes="auto, (max-width: 1024px) 100vw, 1024px" /><figcaption class="wp-element-caption"><strong>Esplanade Monument aux Morts</strong> <strong>1938</strong></figcaption></figure>



<figure class="wp-block-image size-large"><img loading="lazy" decoding="async" width="1024" height="746" src="https://www.fnath-montpellier.fr/wp-content/uploads/2025/03/FNATH-CONGRES-ANCIENS-COSTARD-1024x746.jpg" alt="" class="wp-image-755" srcset="https://www.fnath-montpellier.fr/wp-content/uploads/2025/03/FNATH-CONGRES-ANCIENS-COSTARD-1024x746.jpg 1024w, https://www.fnath-montpellier.fr/wp-content/uploads/2025/03/FNATH-CONGRES-ANCIENS-COSTARD-300x218.jpg 300w, https://www.fnath-montpellier.fr/wp-content/uploads/2025/03/FNATH-CONGRES-ANCIENS-COSTARD-768x559.jpg 768w, https://www.fnath-montpellier.fr/wp-content/uploads/2025/03/FNATH-CONGRES-ANCIENS-COSTARD-1536x1119.jpg 1536w, https://www.fnath-montpellier.fr/wp-content/uploads/2025/03/FNATH-CONGRES-ANCIENS-COSTARD.jpg 1671w" sizes="auto, (max-width: 1024px) 100vw, 1024px" /><figcaption class="wp-element-caption"><strong>Les Membres « En Costard »  1938</strong></figcaption></figure>



<figure class="wp-block-image size-large"><img loading="lazy" decoding="async" width="1024" height="741" src="https://www.fnath-montpellier.fr/wp-content/uploads/2025/03/FNATH-CONGRES-ANCIENS-DEV-LOCAUX-1024x741.jpg" alt="" class="wp-image-756" srcset="https://www.fnath-montpellier.fr/wp-content/uploads/2025/03/FNATH-CONGRES-ANCIENS-DEV-LOCAUX-1024x741.jpg 1024w, https://www.fnath-montpellier.fr/wp-content/uploads/2025/03/FNATH-CONGRES-ANCIENS-DEV-LOCAUX-300x217.jpg 300w, https://www.fnath-montpellier.fr/wp-content/uploads/2025/03/FNATH-CONGRES-ANCIENS-DEV-LOCAUX-768x555.jpg 768w, https://www.fnath-montpellier.fr/wp-content/uploads/2025/03/FNATH-CONGRES-ANCIENS-DEV-LOCAUX-1536x1111.jpg 1536w, https://www.fnath-montpellier.fr/wp-content/uploads/2025/03/FNATH-CONGRES-ANCIENS-DEV-LOCAUX.jpg 1770w" sizes="auto, (max-width: 1024px) 100vw, 1024px" /><figcaption class="wp-element-caption"><strong>Congres devant les Locaux 1938</strong></figcaption></figure>



<p></p>

<p>Merci aux généreux donateurs de ces photos qui nous les ont faites passer gracieusement&#8230;&#8230;Souvenir, Souvenir.</p>
